{"id":1135,"date":"2024-08-07T18:17:53","date_gmt":"2024-08-07T16:17:53","guid":{"rendered":"https:\/\/geantdameublement.com\/?page_id=1135"},"modified":"2024-11-11T17:27:50","modified_gmt":"2024-11-11T17:27:50","slug":"cuisines-elite","status":"publish","type":"page","link":"https:\/\/geantdameublement.com\/?page_id=1135","title":{"rendered":"Cuisines Elite"},"content":{"rendered":"<div class=\"wpb-content-wrapper\"><p>[vc_row full_width=\u00a0\u00bbstretch_row_content_no_spaces\u00a0\u00bb][vc_column]<div id=\"cz_30800\" class=\"cz_30800 cz_banner clr\">\n\t\t\t<figure class=\"effect-style2\">\n\t\t\t\t<img decoding=\"async\" class=\"\" src=\"https:\/\/geantdameublement.com\/wp-content\/uploads\/2024\/08\/elite-banner-1600x620.webp\" width=\"1600\" height=\"620\" alt=\"elite-banner\" title=\"elite-banner\" loading=\"lazy\" \/>\n\t\t\t\t<figcaption><div><h4>ELITE<\/h4><p class=\"cz_wpe_content\"><p style=\"text-align: center;\"><span style=\"font-size: 36px;\">collection<\/span><\/p>\n<\/p><\/div><\/figcaption>\t\t\t\n\t\t\t<\/figure>\n\t\t<\/div>[\/vc_column][\/vc_row][vc_row][vc_column width=\u00a0\u00bb1\/6&Prime;][\/vc_column][vc_column width=\u00a0\u00bb2\/3&Prime;]<div class=\"cz_gap clr \" style=\"height: 50px\"><\/div><div id=\"cz_85238\" class=\"cz_85238 cz_title clr cz_title_pos_inline tac\"><div class=\"cz_title_content\"><div class=\"cz_wpe_content\"><h3 style=\"text-align: center;\"><span style=\"font-weight: 300; font-size: 36px;\">Cuisines Elite<\/span><\/h3>\n<div style=\"text-align: center;\"><span style=\"font-size: 22px;\">Meubles de cuisine \u00e9l\u00e9gants et raffin\u00e9s<\/span><\/div>\n<\/div><\/div><\/div><div id=\"cz_36732\" class=\"cz_36732 cz_sml\"><div class=\"cz_sml_inner\"><div class=\"cz_wpe_content\">[vc_column_text]<\/p>\n<p style=\"text-align: center;\"><span style=\"font-size: 19px;\">La collection de cuisines Elite incarne le luxe et l&rsquo;excellence en mati\u00e8re d&rsquo;am\u00e9nagement int\u00e9rieur. Avec des mat\u00e9riaux nobles tels que le marbre, le bois pr\u00e9cieux et l&rsquo;acier inoxydable de haute qualit\u00e9, ces cuisines exhalent une \u00e9l\u00e9gance intemporelle. Des meubles classiques et modernes \u00e0 la fois, avec des d\u00e9tails raffin\u00e9s tels que des poign\u00e9es d\u00e9cor\u00e9es, ajoutent une touche distinctive de sophistication. Des espaces g\u00e9n\u00e9reux dans lesquels tout devient accessible, des \u00eelots de cuisine centraux modernes et des zones de pr\u00e9paration des repas personnalis\u00e9es cr\u00e9ent une ambiance exclusive et fonctionnelle dans laquelle le pass\u00e9 se m\u00eale au pr\u00e9sent, transformant chaque moment pass\u00e9 dans la cuisine en une exp\u00e9rience sup\u00e9rieure.<\/span><\/p>\n<p>[\/vc_column_text]<\/div><div class=\"cz_sml_overlay\"><\/div><\/div><a id=\"cz_show_more_less_btn\" href=\"#more_less\"><span>Savoir plus<i class=\"fa fa-angle-down ml8\"><\/i><\/span><span>Moins<i class=\"fa fa-angle-up ml8\"><\/i><\/span><\/a><\/div>[\/vc_column][vc_column width=\u00a0\u00bb1\/6&Prime;][\/vc_column][\/vc_row][vc_row][vc_column]<div class=\"cz_gap clr \" style=\"height: 50px\"><\/div>[\/vc_column][\/vc_row][vc_row full_width=\u00a0\u00bbstretch_row_content\u00a0\u00bb][vc_column width=\u00a0\u00bb1\/2&Prime;]<a href=\"https:\/\/geantdameublement.com\/?page_id=1144\" rel=\"nofollow\" title=\"Cuisine Contemporain 1\"><div id=\"cz_63697\" class=\"cz_63697 cz_image clr cz_image_no_fx center_on_mobile wpb_animate_when_almost_visible fadeInUp\"><div class=\"\" ><div class=\"cz_image_in\"><div class=\"cz_main_image\"><img decoding=\"async\" width=\"1200\" height=\"760\" src=\"https:\/\/geantdameublement.com\/wp-content\/uploads\/2024\/08\/elite-1.webp\" class=\"attachment-full\" alt=\"\" title=\"elite-1\" srcset=\"https:\/\/geantdameublement.com\/wp-content\/uploads\/2024\/08\/elite-1.webp 1200w, https:\/\/geantdameublement.com\/wp-content\/uploads\/2024\/08\/elite-1-300x190.webp 300w, https:\/\/geantdameublement.com\/wp-content\/uploads\/2024\/08\/elite-1-1024x649.webp 1024w, https:\/\/geantdameublement.com\/wp-content\/uploads\/2024\/08\/elite-1-768x486.webp 768w, https:\/\/geantdameublement.com\/wp-content\/uploads\/2024\/08\/elite-1-600x380.webp 600w\" sizes=\"(max-width: 1200px) 100vw, 1200px\" \/><\/div><\/div><\/div><\/div><\/a><div class=\"cz_gap clr \" style=\"height: 20px\"><\/div>[vc_row_inner][vc_column_inner width=\u00a0\u00bb2\/3&Prime;]<div id=\"cz_28639\" class=\"cz_28639 cz_title clr cz_title_pos_inline\"><div class=\"cz_title_content\"><div class=\"cz_wpe_content\"><p><span style=\"font-size: 22px;\">La cuisine qui va au-del\u00e0 du temps et des tendances<\/span><\/p>\n<\/div><\/div><\/div>[\/vc_column_inner][vc_column_inner width=\u00a0\u00bb1\/3&Prime;]<div id=\"cz_24973\" class=\"cz_24973 cz_title clr cz_title_pos_right tar\"><div class=\"cz_title_content\"><div class=\"cz_wpe_content\"><p style=\"text-align: right;\"><span style=\"font-size: 19px; font-weight: 200; color: #666666;\">ELITE 01<\/span><\/p>\n<\/div><\/div><\/div>[\/vc_column_inner][\/vc_row_inner][\/vc_column][vc_column width=\u00a0\u00bb1\/2&Prime;]<div class=\"cz_gap show_on_mobile clr\" style=\"height: 50px\"><\/div><a href=\"https:\/\/geantdameublement.com\/?page_id=1169\" title=\"Cuisine Contemporain 2\"><div id=\"cz_64214\" class=\"cz_64214 cz_image clr cz_image_no_fx center_on_mobile wpb_animate_when_almost_visible fadeInUp\"><div class=\"\" ><div class=\"cz_image_in\"><div class=\"cz_main_image\"><img decoding=\"async\" width=\"1200\" height=\"760\" src=\"https:\/\/geantdameublement.com\/wp-content\/uploads\/2024\/08\/elite-2.webp\" class=\"attachment-full\" alt=\"\" title=\"elite-2\" srcset=\"https:\/\/geantdameublement.com\/wp-content\/uploads\/2024\/08\/elite-2.webp 1200w, https:\/\/geantdameublement.com\/wp-content\/uploads\/2024\/08\/elite-2-300x190.webp 300w, https:\/\/geantdameublement.com\/wp-content\/uploads\/2024\/08\/elite-2-1024x649.webp 1024w, https:\/\/geantdameublement.com\/wp-content\/uploads\/2024\/08\/elite-2-768x486.webp 768w, https:\/\/geantdameublement.com\/wp-content\/uploads\/2024\/08\/elite-2-600x380.webp 600w\" sizes=\"(max-width: 1200px) 100vw, 1200px\" \/><\/div><\/div><\/div><\/div><\/a><div class=\"cz_gap clr \" style=\"height: 20px\"><\/div>[vc_row_inner][vc_column_inner width=\u00a0\u00bb2\/3&Prime;]<div id=\"cz_73117\" class=\"cz_73117 cz_title clr cz_title_pos_inline\"><div class=\"cz_title_content\"><div class=\"cz_wpe_content\"><p><span style=\"font-size: 22px;\">Une cuisine o\u00f9 le pass\u00e9 se m\u00eale au pr\u00e9sent<\/span><\/p>\n<\/div><\/div><\/div>[\/vc_column_inner][vc_column_inner width=\u00a0\u00bb1\/3&Prime;]<div id=\"cz_21169\" class=\"cz_21169 cz_title clr cz_title_pos_right tar\"><div class=\"cz_title_content\"><div class=\"cz_wpe_content\"><p style=\"text-align: right;\"><span style=\"font-size: 19px; font-weight: 200; color: #666666;\">ELITE 02<\/span><\/p>\n<\/div><\/div><\/div>[\/vc_column_inner][\/vc_row_inner][\/vc_column][\/vc_row][vc_row][vc_column]<div class=\"cz_gap clr \" style=\"height: 50px\"><\/div>[\/vc_column][\/vc_row][vc_row full_width=\u00a0\u00bbstretch_row_content\u00a0\u00bb][vc_column width=\u00a0\u00bb1\/2&Prime;]<a href=\"https:\/\/geantdameublement.com\/?page_id=2149\" title=\"Cuisine Contemporain 3\"><div id=\"cz_34142\" class=\"cz_34142 cz_image clr cz_image_no_fx center_on_mobile wpb_animate_when_almost_visible fadeInUp\"><div class=\"\" ><div class=\"cz_image_in\"><div class=\"cz_main_image\"><img decoding=\"async\" width=\"1200\" height=\"760\" src=\"https:\/\/geantdameublement.com\/wp-content\/uploads\/2024\/08\/elite-3.webp\" class=\"attachment-full\" alt=\"\" title=\"elite-3\" srcset=\"https:\/\/geantdameublement.com\/wp-content\/uploads\/2024\/08\/elite-3.webp 1200w, https:\/\/geantdameublement.com\/wp-content\/uploads\/2024\/08\/elite-3-300x190.webp 300w, https:\/\/geantdameublement.com\/wp-content\/uploads\/2024\/08\/elite-3-1024x649.webp 1024w, https:\/\/geantdameublement.com\/wp-content\/uploads\/2024\/08\/elite-3-768x486.webp 768w, https:\/\/geantdameublement.com\/wp-content\/uploads\/2024\/08\/elite-3-600x380.webp 600w\" sizes=\"(max-width: 1200px) 100vw, 1200px\" \/><\/div><\/div><\/div><\/div><\/a><div class=\"cz_gap clr \" style=\"height: 20px\"><\/div>[vc_row_inner][vc_column_inner width=\u00a0\u00bb2\/3&Prime;]<div id=\"cz_99060\" class=\"cz_99060 cz_title clr cz_title_pos_inline\"><div class=\"cz_title_content\"><div class=\"cz_wpe_content\"><p><span style=\"font-size: 22px;\">D\u00e9cor classique et moderne \u00e0 la fois<\/span><\/p>\n<\/div><\/div><\/div>[\/vc_column_inner][vc_column_inner width=\u00a0\u00bb1\/3&Prime;]<div id=\"cz_59389\" class=\"cz_59389 cz_title clr cz_title_pos_right tar\"><div class=\"cz_title_content\"><div class=\"cz_wpe_content\"><p style=\"text-align: right;\"><span style=\"font-size: 19px; font-weight: 200; color: #666666;\">ELITE 03<\/span><\/p>\n<\/div><\/div><\/div>[\/vc_column_inner][\/vc_row_inner][\/vc_column][vc_column width=\u00a0\u00bb1\/2&Prime;]<div class=\"cz_gap show_on_mobile clr\" style=\"height: 50px\"><\/div><a href=\"https:\/\/geantdameublement.com\/?page_id=1209\" title=\"Cuisine Contemporain 4\"><div id=\"cz_92071\" class=\"cz_92071 cz_image clr cz_image_no_fx center_on_mobile wpb_animate_when_almost_visible fadeInUp\"><div class=\"\" ><div class=\"cz_image_in\"><div class=\"cz_main_image\"><img decoding=\"async\" width=\"1200\" height=\"760\" src=\"https:\/\/geantdameublement.com\/wp-content\/uploads\/2024\/08\/elite-4.webp\" class=\"attachment-full\" alt=\"\" title=\"elite-4\" srcset=\"https:\/\/geantdameublement.com\/wp-content\/uploads\/2024\/08\/elite-4.webp 1200w, https:\/\/geantdameublement.com\/wp-content\/uploads\/2024\/08\/elite-4-300x190.webp 300w, https:\/\/geantdameublement.com\/wp-content\/uploads\/2024\/08\/elite-4-1024x649.webp 1024w, https:\/\/geantdameublement.com\/wp-content\/uploads\/2024\/08\/elite-4-768x486.webp 768w, https:\/\/geantdameublement.com\/wp-content\/uploads\/2024\/08\/elite-4-600x380.webp 600w\" sizes=\"(max-width: 1200px) 100vw, 1200px\" \/><\/div><\/div><\/div><\/div><\/a><div class=\"cz_gap clr \" style=\"height: 20px\"><\/div>[vc_row_inner][vc_column_inner width=\u00a0\u00bb2\/3&Prime;]<div id=\"cz_69564\" class=\"cz_69564 cz_title clr cz_title_pos_inline\"><div class=\"cz_title_content\"><div class=\"cz_wpe_content\"><p><span style=\"font-size: 22px;\">L\u00e0 o\u00f9 le luxe et la sophistication sont c\u00e9l\u00e9br\u00e9s par des d\u00e9tails raffin\u00e9s et riches.<\/span><\/p>\n<\/div><\/div><\/div>[\/vc_column_inner][vc_column_inner width=\u00a0\u00bb1\/3&Prime;]<div id=\"cz_109297\" class=\"cz_109297 cz_title clr cz_title_pos_right tar\"><div class=\"cz_title_content\"><div class=\"cz_wpe_content\"><p style=\"text-align: right;\"><span style=\"font-size: 19px; font-weight: 200; color: #666666;\">ELITE 04<\/span><\/p>\n<\/div><\/div><\/div>[\/vc_column_inner][\/vc_row_inner][\/vc_column][\/vc_row]<\/p>\n<\/div>","protected":false},"excerpt":{"rendered":"<p>[vc_row full_width=\u00a0\u00bbstretch_row_content_no_spaces\u00a0\u00bb][vc_column][\/vc_column][\/vc_row][vc_row][vc_column width=\u00a0\u00bb1\/6&Prime;][\/vc_column][vc_column width=\u00a0\u00bb2\/3&Prime;][\/vc_column][vc_column width=\u00a0\u00bb1\/6&Prime;][\/vc_column][\/vc_row][vc_row][vc_column][\/vc_column][\/vc_row][vc_row full_width=\u00a0\u00bbstretch_row_content\u00a0\u00bb][vc_column width=\u00a0\u00bb1\/2&Prime;][vc_row_inner][vc_column_inner width=\u00a0\u00bb2\/3&Prime;][\/vc_column_inner][vc_column_inner width=\u00a0\u00bb1\/3&Prime;][\/vc_column_inner][\/vc_row_inner][\/vc_column][vc_column width=\u00a0\u00bb1\/2&Prime;][vc_row_inner][vc_column_inner width=\u00a0\u00bb2\/3&Prime;][\/vc_column_inner][vc_column_inner &#8230; <\/p>\n","protected":false},"author":1,"featured_media":0,"parent":95,"menu_order":0,"comment_status":"closed","ping_status":"closed","template":"","meta":{"footnotes":""},"class_list":["post-1135","page","type-page","status-publish","hentry"],"_links":{"self":[{"href":"https:\/\/geantdameublement.com\/index.php?rest_route=\/wp\/v2\/pages\/1135","targetHints":{"allow":["GET"]}}],"collection":[{"href":"https:\/\/geantdameublement.com\/index.php?rest_route=\/wp\/v2\/pages"}],"about":[{"href":"https:\/\/geantdameublement.com\/index.php?rest_route=\/wp\/v2\/types\/page"}],"author":[{"embeddable":true,"href":"https:\/\/geantdameublement.com\/index.php?rest_route=\/wp\/v2\/users\/1"}],"replies":[{"embeddable":true,"href":"https:\/\/geantdameublement.com\/index.php?rest_route=%2Fwp%2Fv2%2Fcomments&post=1135"}],"version-history":[{"count":0,"href":"https:\/\/geantdameublement.com\/index.php?rest_route=\/wp\/v2\/pages\/1135\/revisions"}],"up":[{"embeddable":true,"href":"https:\/\/geantdameublement.com\/index.php?rest_route=\/wp\/v2\/pages\/95"}],"wp:attachment":[{"href":"https:\/\/geantdameublement.com\/index.php?rest_route=%2Fwp%2Fv2%2Fmedia&parent=1135"}],"curies":[{"name":"wp","href":"https:\/\/api.w.org\/{rel}","templated":true}]}}