{"id":1896,"date":"2024-07-30T16:35:41","date_gmt":"2024-07-30T14:35:41","guid":{"rendered":"https:\/\/geantdameublement.com\/?page_id=7"},"modified":"2025-01-21T10:08:51","modified_gmt":"2025-01-21T10:08:51","slug":"accueil","status":"publish","type":"page","link":"https:\/\/geantdameublement.com\/","title":{"rendered":"Accueil"},"content":{"rendered":"<div class=\"wpb-content-wrapper\"><p>[vc_row full_width=\u00a0\u00bbstretch_row_content\u00a0\u00bb][vc_column width=\u00a0\u00bb1\/2&Prime;]<div id=\"cz_92294\" class=\"cz_92294 cz_title clr cz_title_pos_inline wpb_animate_when_almost_visible fadeInUp\"><div class=\"cz_title_content\"><span class=\"cz_line_side_solo\">_<\/span><div class=\"cz_wpe_content\"><p><span style=\"color: #6c757d;\"><strong>CHOISISSEZ VOTRE STYLE AVEC NOUS<\/strong><\/span><\/p>\n<\/div><\/div><\/div><div class=\"cz_gap clr \" style=\"height: 20px\"><\/div><div id=\"cz_34914\" class=\"cz_34914 cz_title clr cz_title_pos_inline wpb_animate_when_almost_visible fadeInUp\"><div class=\"cz_title_content\"><div class=\"cz_wpe_content\"><h2 style=\"line-height: 1;\"><span style=\"font-size: 64px; font-weight: 100;\">LES EMOTIONS QUI <\/span><\/h2>\n<h2 style=\"line-height: 1;\"><span style=\"font-size: 64px; font-weight: 100;\">CREENT LA CUISINE<\/span><\/h2>\n<\/div><\/div><\/div>[\/vc_column][vc_column width=\u00a0\u00bb1\/2&Prime;]<div class=\"cz_gap clr \" style=\"height: 70px\"><\/div><div id=\"cz_40457\" class=\"cz_40457 cz_title clr cz_title_pos_inline wpb_animate_when_almost_visible fadeInRight\"><div class=\"cz_title_content\"><div class=\"cz_wpe_content\"><p><span style=\"font-size: 19px; font-weight: 300;\">La cuisine est l&rsquo;endroit o\u00f9 l&rsquo;on passe et partage des moments agr\u00e9ables dans la maison.<\/span><br \/>\n<span style=\"font-size: 19px; font-weight: 300;\">G\u00e9ant d&rsquo;ameublement propose des styles de cuisine pour chaque personnalit\u00e9 afin d&rsquo;habiller votre cuisine avec style et fonctionnalit\u00e9 et de cr\u00e9er la solution qui r\u00e9pond le mieux \u00e0 vos besoins.<\/span><\/p>\n<\/div><\/div><\/div>[\/vc_column][\/vc_row][vc_row][vc_column]<div class=\"cz_gap clr  hide_on_mobile\" style=\"height: 100px\"><\/div><div class=\"cz_gap show_on_mobile clr\" style=\"height: 50px\"><\/div>[\/vc_column][\/vc_row][vc_row full_width=\u00a0\u00bbstretch_row_content\u00a0\u00bb][vc_column width=\u00a0\u00bb1\/3&Prime;]<a class=\"cz_content_box_link\" href=\"https:\/\/geantdameublement.com\/?page_id=158\" title=\"Cuisines Design\"><div class=\"cz_eqh cz_content_box_parent_fx  \"><div class=\"fx_zoom_0_hover\"><div id=\"cz_53639\" class=\"cz_53639 cz_content_box clr wpb_animate_when_almost_visible fadeInUp\"><div class=\"cz_box_front clr\"><div class=\"cz_box_front_inner clr \"><span><\/span><div><div class=\"cz_gap clr \" style=\"height: 240px\"><\/div><\/div><\/div><\/div><\/div><\/div><\/div><\/a><div id=\"cz_56013\" class=\"cz_56013 cz_title clr cz_title_pos_inline tac wpb_animate_when_almost_visible fadeInUp\"><div class=\"cz_title_content\"><div class=\"cz_wpe_content\"><div style=\"text-align: center; line-height: 1;\"><span style=\"font-size: 54px; font-weight: 200;\">DESIGN<br \/>\n<\/span><\/div>\n<div style=\"text-align: center;\"><span style=\"font-size: 24px; color: #444444;\">Collection<\/span><\/div>\n<\/div><\/div><\/div><div class=\"cz_gap show_on_mobile clr\" style=\"height: 30px\"><\/div>[\/vc_column][vc_column width=\u00a0\u00bb1\/3&Prime;]<a class=\"cz_content_box_link\" href=\"https:\/\/geantdameublement.com\/?page_id=515\" title=\"Cuisines Industriel\"><div class=\"cz_eqh cz_content_box_parent_fx  \"><div class=\"fx_zoom_0_hover\"><div id=\"cz_69324\" class=\"cz_69324 cz_content_box clr wpb_animate_when_almost_visible fadeInUp\"><div class=\"cz_box_front clr\"><div class=\"cz_box_front_inner clr \"><span><\/span><div><div class=\"cz_gap clr \" style=\"height: 240px\"><\/div><\/div><\/div><\/div><\/div><\/div><\/div><\/a><div id=\"cz_36744\" class=\"cz_36744 cz_title clr cz_title_pos_inline tac wpb_animate_when_almost_visible fadeInUp\"><div class=\"cz_title_content\"><div class=\"cz_wpe_content\"><div style=\"text-align: center; line-height: 1;\"><span style=\"font-size: 54px; font-weight: 200;\">INDUSTRIELLE<\/span><\/div>\n<div style=\"text-align: center;\"><span style=\"font-size: 24px; color: #444444;\">Collection<\/span><\/div>\n<\/div><\/div><\/div><div class=\"cz_gap show_on_mobile clr\" style=\"height: 30px\"><\/div>[\/vc_column][vc_column width=\u00a0\u00bb1\/3&Prime;]<a class=\"cz_content_box_link\" href=\"https:\/\/geantdameublement.com\/?page_id=766\" title=\"Cuisines Moderne\"><div class=\"cz_eqh cz_content_box_parent_fx  \"><div class=\"fx_zoom_0_hover\"><div id=\"cz_29537\" class=\"cz_29537 cz_content_box clr wpb_animate_when_almost_visible fadeInUp\"><div class=\"cz_box_front clr\"><div class=\"cz_box_front_inner clr \"><span><\/span><div><div class=\"cz_gap clr \" style=\"height: 240px\"><\/div><\/div><\/div><\/div><\/div><\/div><\/div><\/a><div id=\"cz_63745\" class=\"cz_63745 cz_title clr cz_title_pos_inline tac wpb_animate_when_almost_visible fadeInUp\"><div class=\"cz_title_content\"><div class=\"cz_wpe_content\"><div style=\"text-align: center; line-height: 1;\"><span style=\"font-size: 54px; font-weight: 200;\">MODERNE<\/span><\/div>\n<div style=\"text-align: center;\"><span style=\"font-size: 24px; color: #444444;\">Collection<\/span><\/div>\n<\/div><\/div><\/div>[\/vc_column][\/vc_row][vc_row][vc_column]<div class=\"cz_gap clr  hide_on_mobile\" style=\"height: 100px\"><\/div><div class=\"cz_gap show_on_mobile clr\" style=\"height: 50px\"><\/div>[\/vc_column][\/vc_row][vc_row full_width=\u00a0\u00bbstretch_row_content\u00a0\u00bb][vc_column width=\u00a0\u00bb1\/3&Prime;]<a class=\"cz_content_box_link\" href=\"https:\/\/geantdameublement.com\/?page_id=1380\" title=\"Cuisines Design\"><div class=\"cz_eqh cz_content_box_parent_fx  \"><div class=\"fx_zoom_0_hover\"><div id=\"cz_53270\" class=\"cz_53270 cz_content_box clr wpb_animate_when_almost_visible fadeInUp\"><div class=\"cz_box_front clr\"><div class=\"cz_box_front_inner clr \"><span><\/span><div><div class=\"cz_gap clr \" style=\"height: 240px\"><\/div><\/div><\/div><\/div><\/div><\/div><\/div><\/a><div id=\"cz_75868\" class=\"cz_75868 cz_title clr cz_title_pos_inline tac wpb_animate_when_almost_visible fadeInUp\"><div class=\"cz_title_content\"><div class=\"cz_wpe_content\"><div style=\"text-align: center; line-height: 1;\"><span style=\"font-size: 54px; font-weight: 200;\">MEUBLES<br \/>\n<\/span><\/div>\n<\/div><\/div><\/div><div class=\"cz_gap show_on_mobile clr\" style=\"height: 30px\"><\/div>[\/vc_column][vc_column width=\u00a0\u00bb1\/3&Prime;]<a class=\"cz_content_box_link\" href=\"https:\/\/geantdameublement.com\/?page_id=2154\" title=\"Cuisines Industriel\"><div class=\"cz_eqh cz_content_box_parent_fx  \"><div class=\"fx_zoom_0_hover\"><div id=\"cz_25433\" class=\"cz_25433 cz_content_box clr wpb_animate_when_almost_visible fadeInUp\"><div class=\"cz_box_front clr\"><div class=\"cz_box_front_inner clr \"><span><\/span><div><div class=\"cz_gap clr \" style=\"height: 240px\"><\/div><\/div><\/div><\/div><\/div><\/div><\/div><\/a><div id=\"cz_33919\" class=\"cz_33919 cz_title clr cz_title_pos_inline tac wpb_animate_when_almost_visible fadeInUp\"><div class=\"cz_title_content\"><div class=\"cz_wpe_content\"><div style=\"text-align: center; line-height: 1;\"><span style=\"font-size: 54px; font-weight: 200;\">SALLES DE BAIN<\/span><\/div>\n<\/div><\/div><\/div><div class=\"cz_gap show_on_mobile clr\" style=\"height: 30px\"><\/div>[\/vc_column][vc_column width=\u00a0\u00bb1\/3&Prime;]<a class=\"cz_content_box_link\" href=\"https:\/\/geantdameublement.com\/?page_id=1860\" title=\"Cuisines Moderne\"><div class=\"cz_eqh cz_content_box_parent_fx  \"><div class=\"fx_zoom_0_hover\"><div id=\"cz_49181\" class=\"cz_49181 cz_content_box clr wpb_animate_when_almost_visible fadeInUp\"><div class=\"cz_box_front clr\"><div class=\"cz_box_front_inner clr \"><span><\/span><div><div class=\"cz_gap clr \" style=\"height: 240px\"><\/div><\/div><\/div><\/div><\/div><\/div><\/div><\/a><div id=\"cz_100758\" class=\"cz_100758 cz_title clr cz_title_pos_inline tac wpb_animate_when_almost_visible fadeInUp\"><div class=\"cz_title_content\"><div class=\"cz_wpe_content\"><div style=\"text-align: center; line-height: 1;\"><span style=\"font-size: 54px; font-weight: 200;\">PORTES<\/span><\/div>\n<\/div><\/div><\/div>[\/vc_column][\/vc_row][vc_row][vc_column]<div class=\"cz_gap clr  hide_on_mobile\" style=\"height: 150px\"><\/div><div class=\"cz_gap show_on_mobile clr\" style=\"height: 50px\"><\/div>[\/vc_column][\/vc_row][vc_row full_width=\u00a0\u00bbstretch_row_content\u00a0\u00bb][vc_column width=\u00a0\u00bb1\/2&Prime;]<div class=\"cz_gap clr \" style=\"height: 50px\"><\/div><div id=\"cz_16546\" class=\"cz_16546 cz_title clr cz_title_pos_inline wpb_animate_when_almost_visible fadeInUp\"><div class=\"cz_title_content\"><div class=\"cz_wpe_content\"><h2>DE NOUVELLES PERSPECTIVES MULTIFONCTIONNELLES<\/h2>\n<\/div><\/div><\/div><div class=\"cz_gap clr \" style=\"height: 50px\"><\/div><div id=\"cz_75503\" class=\"cz_75503 cz_title clr cz_title_pos_inline wpb_animate_when_almost_visible fadeInUp\"><div class=\"cz_title_content\"><div class=\"cz_wpe_content\"><p><span style=\"font-size: 19px; font-weight: 300;\">Les m\u00e9canismes REVEGO ouvrent de nouvelles perspectives pour l&rsquo;utilisation multifonctionnelle de l&rsquo;espace. Gr\u00e2ce \u00e0 une technologie enti\u00e8rement int\u00e9gr\u00e9e, ce syst\u00e8me de portes coulissantes permet d&rsquo;acc\u00e9der aux espaces de vie, de les exploiter et de les dissimuler \u00e0 nouveau. La zone de travail de la cuisine est facilement accessible et pour la fermer, une simple pression sur la porte suffit \u00e0 dissimuler \u00e9l\u00e9gamment l&rsquo;ensemble de la zone.<\/span><\/p>\n<\/div><\/div><\/div><div class=\"cz_gap clr \" style=\"height: 20px\"><\/div><div class=\"\"><div class=\"cz_18417_p\"><a id=\"cz_18417\" class=\"cz_18417 cz_btn cz_btn_txt_no_fx cz_btn_no_fx cz_mobile_btn_center\" href=\"https:\/\/geantdameublement.com\/?page_id=214\" title=\"Cuisine Hc.08 Minimale\"><span><strong>Savoir plus<\/strong><\/span><b class=\"cz_btn_onhover\"><strong>Savoir plus<\/strong><\/b><\/a><\/div><\/div><div class=\"cz_gap show_on_mobile clr\" style=\"height: 30px\"><\/div>[\/vc_column][vc_column width=\u00a0\u00bb1\/2&Prime;]<div id=\"cz_98012\" class=\"cz_98012 cz_image clr cz_image_no_fx center_on_mobile wpb_animate_when_almost_visible fadeInUp\"><div class=\"\" ><div class=\"cz_image_in\"><div class=\"cz_main_image\"><img decoding=\"async\" width=\"850\" height=\"850\" src=\"https:\/\/geantdameublement.com\/wp-content\/uploads\/2024\/08\/4-1.webp\" class=\"attachment-full\" alt=\"\" title=\"4\" srcset=\"https:\/\/geantdameublement.com\/wp-content\/uploads\/2024\/08\/4-1.webp 850w, https:\/\/geantdameublement.com\/wp-content\/uploads\/2024\/08\/4-1-300x300.webp 300w, https:\/\/geantdameublement.com\/wp-content\/uploads\/2024\/08\/4-1-150x150.webp 150w, https:\/\/geantdameublement.com\/wp-content\/uploads\/2024\/08\/4-1-768x768.webp 768w, https:\/\/geantdameublement.com\/wp-content\/uploads\/2024\/08\/4-1-600x600.webp 600w\" sizes=\"(max-width: 850px) 100vw, 850px\" \/><\/div><\/div><\/div><\/div>[\/vc_column][\/vc_row][vc_row][vc_column width=\u00a0\u00bb1\/4&Prime;][\/vc_column][vc_column width=\u00a0\u00bb1\/2&Prime;]<div class=\"cz_gap show_on_tablet clr  show_only_tablet\" style=\"height: 350px\"><\/div><div class=\"cz_gap show_on_mobile clr\" style=\"height: 250px\"><\/div><div class=\"cz_eqh cz_content_box_parent_fx  \"><div id=\"cz_62518\" class=\"cz_62518 cz_content_box clr wpb_animate_when_almost_visible fadeInUp\"><div class=\"cz_box_front clr\"><div class=\"cz_box_front_inner clr \"><span><\/span><div>[vc_raw_html css=\u00a0\u00bb\u00a0\u00bb]JTNDdmlkZW8lMjB3aWR0aCUzRCUyMjMyMCUyMiUyMGhlaWdodCUzRCUyMjI0MCUyMiUyMGF1dG9wbGF5JTIwbG9vcCUwQXNvdXJjZSUyMHNyYyUzRCUyMmh0dHBzJTNBJTJGJTJGZ2VhbnRkYW1ldWJsZW1lbnQuY29tJTJGd3AtY29udGVudCUyRnVwbG9hZHMlMkYyMDI0JTJGMDclMkZIQzA4X2hvbWVfcGFydF8yLm1wNCUyMiUyMHR5cGUlM0QlMjJ2aWRlbyUyRm1wNCUyMiUwQSUzQyUyRnZpZGVvJTNF[\/vc_raw_html]<\/div><\/div><\/div><\/div><\/div>[\/vc_column][vc_column width=\u00a0\u00bb1\/4&Prime;][\/vc_column][\/vc_row][vc_row][vc_column]<div class=\"cz_gap clr  hide_on_mobile\" style=\"height: 150px\"><\/div><div class=\"cz_gap show_on_mobile clr\" style=\"height: 50px\"><\/div>[\/vc_column][\/vc_row][vc_row full_width=\u00a0\u00bbstretch_row_content_no_spaces\u00a0\u00bb][vc_column]\n\t\t\t\t<p class=\"rs-p-wp-fix\"><\/p>\n\t\t\t\t<sr7-module data-alias=\"slider-2\" data-id=\"2\" id=\"SR7_2_1\" class=\"rs-ov-hidden\" data-version=\"6.7.20\">\n\t\t\t\t\t<sr7-adjuster><\/sr7-adjuster>\n\t\t\t\t\t<sr7-content>\n\t\t\t\t\t\t<sr7-slide id=\"SR7_2_1-3\" data-key=\"3\">\n\t\t\t\t\t\t\t<sr7-bg id=\"SR7_2_1-3-1\" class=\"sr7-layer\"><noscript><img decoding=\"async\" src=\"https:\/\/geantdameublement.com\/wp-content\/uploads\/2024\/08\/contemporain3-1.webp\" alt=\"\" title=\"contemporain3-1\"><\/noscript><\/sr7-bg>\n\t\t\t\t\t\t\t<sr7-txt id=\"SR7_2_1-3-0\" class=\"sr7-layer\">Il y a une place pour tout, mais\u2026<\/sr7-txt>\n\t\t\t\t\t\t<\/sr7-slide>\n\t\t\t\t\t\t<sr7-slide id=\"SR7_2_1-4\" data-key=\"4\">\n\t\t\t\t\t\t\t<sr7-bg id=\"SR7_2_1-4-2\" class=\"sr7-layer\"><noscript><img decoding=\"async\" src=\"https:\/\/geantdameublement.com\/wp-content\/uploads\/2024\/08\/Artemide-pag-2-3.jpg\" alt=\"\" title=\"Artemide pag 2 3\"><\/noscript><\/sr7-bg>\n\t\t\t\t\t\t\t<sr7-txt id=\"SR7_2_1-4-1\" class=\"sr7-layer\">G\u00e9ant d'ameublement est le c\u0153ur de votre maison<br \/>\n<\/sr7-txt>\n\t\t\t\t\t\t<\/sr7-slide>\n\t\t\t\t\t\t<sr7-slide id=\"SR7_2_1-5\" data-key=\"5\">\n\t\t\t\t\t\t\t<sr7-bg id=\"SR7_2_1-5-3\" class=\"sr7-layer\"><noscript><img decoding=\"async\" src=\"https:\/\/geantdameublement.com\/wp-content\/uploads\/2024\/08\/Belpasso-pag-16-27.jpg\" alt=\"\" title=\"Belpasso pag 16 27\"><\/noscript><\/sr7-bg>\n\t\t\t\t\t\t\t<sr7-txt id=\"SR7_2_1-5-2\" class=\"sr7-layer\">La passion de l'esth\u00e9tique et du raffinement<\/sr7-txt>\n\t\t\t\t\t\t<\/sr7-slide>\n\t\t\t\t\t\t<sr7-slide id=\"SR7_2_1-6\" data-key=\"6\">\n\t\t\t\t\t\t\t<sr7-bg id=\"SR7_2_1-6-5\" class=\"sr7-layer\"><noscript><img decoding=\"async\" src=\"https:\/\/geantdameublement.com\/wp-content\/uploads\/2024\/08\/classic2-banner-1.webp\" alt=\"\" title=\"classic2-banner\"><\/noscript><\/sr7-bg>\n\t\t\t\t\t\t\t<sr7-txt id=\"SR7_2_1-6-3\" class=\"sr7-layer\">Au c\u0153ur d\u2019une cuisine G\u00e9ant d\u2019ameublement, <br>il y a ceux qui la vivent<\/sr7-txt>\n\t\t\t\t\t\t\t<a id=\"SR7_2_1-6-4\" class=\"sr7-layer\" href=\"https:\/\/geantdameublement.com\/geant-medias\/\" target=\"_self\">Savoir plus<\/a>\n\t\t\t\t\t\t<\/sr7-slide>\n\t\t\t\t\t\t<sr7-slide id=\"SR7_2_1-7\" data-key=\"7\">\n\t\t\t\t\t\t\t<sr7-bg id=\"SR7_2_1-7-6\" class=\"sr7-layer\"><noscript><img decoding=\"async\" src=\"https:\/\/geantdameublement.com\/wp-content\/uploads\/2024\/08\/LINEA-L-05-G_sg.webp\" alt=\"\" title=\"LINEA-L-05-G_sg\"><\/noscript><\/sr7-bg>\n\t\t\t\t\t\t\t<sr7-txt id=\"SR7_2_1-7-5\" class=\"sr7-layer\">G\u00e9ant d'ameublement <br \/>\nLe d\u00e9sir de cr\u00e9er de nouvelles \u00e9motions<\/sr7-txt>\n\t\t\t\t\t\t<\/sr7-slide>\n\t\t\t\t\t\t<sr7-slide id=\"SR7_2_1-8\" data-key=\"8\">\n\t\t\t\t\t\t\t<sr7-bg id=\"SR7_2_1-8-7\" class=\"sr7-layer\"><noscript><img decoding=\"async\" src=\"https:\/\/geantdameublement.com\/wp-content\/uploads\/2024\/08\/PANDORA-collezione.jpg\" alt=\"\" title=\"PANDORA-collezione\"><\/noscript><\/sr7-bg>\n\t\t\t\t\t\t\t<sr7-txt id=\"SR7_2_1-8-6\" class=\"sr7-layer\">Chaque porte ouvre de nouvelles possibilit\u00e9s<\/sr7-txt>\n\t\t\t\t\t\t<\/sr7-slide>\n\t\t\t\t\t\t<sr7-slide id=\"SR7_2_1-9\" data-key=\"9\">\n\t\t\t\t\t\t\t<sr7-bg id=\"SR7_2_1-9-8\" class=\"sr7-layer\"><noscript><img decoding=\"async\" src=\"https:\/\/geantdameublement.com\/wp-content\/uploads\/2024\/08\/Synua-Pivot-Door-Cipro.jpg\" alt=\"\" title=\"Synua-Pivot-Door-Cipro\"><\/noscript><\/sr7-bg>\n\t\t\t\t\t\t\t<sr7-txt id=\"SR7_2_1-9-7\" class=\"sr7-layer\">Avec les portes blind\u00e9es G\u00e9ant d'ameublement, la s\u00e9curit\u00e9 et les performances sont associ\u00e9es au design et \u00e0 une personnalisation extr\u00eame<\/sr7-txt>\n\t\t\t\t\t\t<\/sr7-slide>\n\t\t\t\t\t\t<sr7-slide id=\"SR7_2_1-10\" data-key=\"10\">\n\t\t\t\t\t\t\t<sr7-bg id=\"SR7_2_1-10-9\" class=\"sr7-layer\"><noscript><img decoding=\"async\" src=\"https:\/\/geantdameublement.com\/wp-content\/uploads\/2024\/08\/SEVEN-collezione.jpg\" alt=\"\" title=\"SEVEN-collezione\"><\/noscript><\/sr7-bg>\n\t\t\t\t\t\t\t<sr7-txt id=\"SR7_2_1-10-8\" class=\"sr7-layer\">Portes vitr\u00e9es avec cadre en aluminium<\/sr7-txt>\n\t\t\t\t\t\t<\/sr7-slide>\n\t\t\t\t\t\t<sr7-slide id=\"SR7_2_1-11\" data-key=\"11\">\n\t\t\t\t\t\t<\/sr7-slide>\n\t\t\t\t\t<\/sr7-content>\n\t\t\t\t\t<image_lists style=\"display:none\">\n\t\t\t\t\t\t<img data-src=\"\/\/geantdameublement.com\/wp-content\/uploads\/2024\/08\/contemporain3-1.webp\" data-libid=\"1035\" data-lib=\"medialibrary\" title=\"contemporain3-1\" width=\"0\" height=\"0\" data-dbsrc=\"Ly9nZWFudGRhbWV1YmxlbWVudC5jb20vd3AtY29udGVudC91cGxvYWRzLzIwMjQvMDgvY29udGVtcG9yYWluMy0xLndlYnA=\"\/>\n\t\t\t\t\t\t<img data-src=\"\/\/geantdameublement.com\/wp-content\/uploads\/2024\/08\/Artemide-pag-2-3.jpg\" data-libid=\"1425\" data-lib=\"medialibrary\" title=\"Artemide pag 2 3\" width=\"0\" height=\"0\" data-dbsrc=\"Ly9nZWFudGRhbWV1YmxlbWVudC5jb20vd3AtY29udGVudC91cGxvYWRzLzIwMjQvMDgvQXJ0ZW1pZGUtcGFnLTItMy5qcGc=\"\/>\n\t\t\t\t\t\t<img data-src=\"\/\/geantdameublement.com\/wp-content\/uploads\/2024\/08\/Belpasso-pag-16-27.jpg\" data-libid=\"1418\" data-lib=\"medialibrary\" title=\"Belpasso pag 16 27\" width=\"0\" height=\"0\" data-dbsrc=\"Ly9nZWFudGRhbWV1YmxlbWVudC5jb20vd3AtY29udGVudC91cGxvYWRzLzIwMjQvMDgvQmVscGFzc28tcGFnLTE2LTI3LmpwZw==\"\/>\n\t\t\t\t\t\t<img data-src=\"\/\/geantdameublement.com\/wp-content\/uploads\/2024\/08\/classic2-banner-1.webp\" data-libid=\"1668\" data-lib=\"medialibrary\" title=\"classic2-banner\" width=\"0\" height=\"0\" data-dbsrc=\"Ly9nZWFudGRhbWV1YmxlbWVudC5jb20vd3AtY29udGVudC91cGxvYWRzLzIwMjQvMDgvY2xhc3NpYzItYmFubmVyLTEud2VicA==\"\/>\n\t\t\t\t\t\t<img data-src=\"\/\/geantdameublement.com\/wp-content\/uploads\/2024\/08\/LINEA-L-05-G_sg.webp\" data-libid=\"1603\" data-lib=\"medialibrary\" title=\"LINEA-L-05-G_sg\" width=\"0\" height=\"0\" data-dbsrc=\"Ly9nZWFudGRhbWV1YmxlbWVudC5jb20vd3AtY29udGVudC91cGxvYWRzLzIwMjQvMDgvTElORUEtTC0wNS1HX3NnLndlYnA=\"\/>\n\t\t\t\t\t\t<img data-src=\"\/\/geantdameublement.com\/wp-content\/uploads\/2024\/08\/PANDORA-collezione.jpg\" data-libid=\"1560\" data-lib=\"medialibrary\" title=\"PANDORA-collezione\" width=\"0\" height=\"0\" data-dbsrc=\"Ly9nZWFudGRhbWV1YmxlbWVudC5jb20vd3AtY29udGVudC91cGxvYWRzLzIwMjQvMDgvUEFORE9SQS1jb2xsZXppb25lLmpwZw==\"\/>\n\t\t\t\t\t\t<img data-src=\"\/\/geantdameublement.com\/wp-content\/uploads\/2024\/08\/Synua-Pivot-Door-Cipro.jpg\" data-libid=\"1766\" data-lib=\"medialibrary\" title=\"Synua-Pivot-Door-Cipro\" width=\"0\" height=\"0\" data-dbsrc=\"Ly9nZWFudGRhbWV1YmxlbWVudC5jb20vd3AtY29udGVudC91cGxvYWRzLzIwMjQvMDgvU3ludWEtUGl2b3QtRG9vci1DaXByby5qcGc=\"\/>\n\t\t\t\t\t\t<img data-src=\"\/\/geantdameublement.com\/wp-content\/uploads\/2024\/08\/SEVEN-collezione.jpg\" data-libid=\"1561\" data-lib=\"medialibrary\" title=\"SEVEN-collezione\" width=\"0\" height=\"0\" data-dbsrc=\"Ly9nZWFudGRhbWV1YmxlbWVudC5jb20vd3AtY29udGVudC91cGxvYWRzLzIwMjQvMDgvU0VWRU4tY29sbGV6aW9uZS5qcGc=\"\/>\n\t\t\t\t\t<\/image_lists>\n\t\t\t\t<\/sr7-module>\n\t\t\t\t<script>\n\t\t\t\t\tSR7.PMH ??={}; SR7.PMH[\"SR7_2_1\"] = {cn:0,state:false,fn: function() { if (_tpt!==undefined && _tpt.prepareModuleHeight !== undefined) {  _tpt.prepareModuleHeight({id:\"SR7_2_1\",el:[500,500,500,500,720],type:'standard',shdw:'0',gh:[500,500,500,500,720],gw:[1240,1240,1240,1240,480],vpt:['100px&#039;,&#039;100px&#039;,&#039;100px&#039;,&#039;100px&#039;,&#039;100px'],size:{fullWidth:true, fullHeight:false},mh:'0',onh:0,onw:0,bg:{color:'{\"orig\":\"transparent\",\"type\":\"solid\",\"string\":\"transparent\"}'}});   SR7.PMH[\"SR7_2_1\"].state=true;} else if((SR7.PMH[\"SR7_2_1\"].cn++)<100)\tsetTimeout( SR7.PMH[\"SR7_2_1\"].fn,19);}};SR7.PMH[\"SR7_2_1\" ].fn();\n\t\t\t\t<\/script>\n[\/vc_column][\/vc_row]<\/p>\n<\/div>","protected":false},"excerpt":{"rendered":"<p>[vc_row full_width=\u00a0\u00bbstretch_row_content\u00a0\u00bb][vc_column width=\u00a0\u00bb1\/2&Prime;][\/vc_column][vc_column width=\u00a0\u00bb1\/2&Prime;][\/vc_column][\/vc_row][vc_row][vc_column][\/vc_column][\/vc_row][vc_row full_width=\u00a0\u00bbstretch_row_content\u00a0\u00bb][vc_column width=\u00a0\u00bb1\/3&Prime;][\/vc_column][vc_column width=\u00a0\u00bb1\/3&Prime;][\/vc_column][vc_column width=\u00a0\u00bb1\/3&Prime;][\/vc_column][\/vc_row][vc_row][vc_column][\/vc_column][\/vc_row][vc_row full_width=\u00a0\u00bbstretch_row_content\u00a0\u00bb][vc_column width=\u00a0\u00bb1\/3&Prime;][\/vc_column][vc_column width=\u00a0\u00bb1\/3&Prime;][\/vc_column][vc_column &#8230; <\/p>\n","protected":false},"author":1,"featured_media":0,"parent":0,"menu_order":0,"comment_status":"closed","ping_status":"closed","template":"","meta":{"footnotes":""},"class_list":["post-1896","page","type-page","status-publish","hentry"],"_links":{"self":[{"href":"https:\/\/geantdameublement.com\/index.php?rest_route=\/wp\/v2\/pages\/1896","targetHints":{"allow":["GET"]}}],"collection":[{"href":"https:\/\/geantdameublement.com\/index.php?rest_route=\/wp\/v2\/pages"}],"about":[{"href":"https:\/\/geantdameublement.com\/index.php?rest_route=\/wp\/v2\/types\/page"}],"author":[{"embeddable":true,"href":"https:\/\/geantdameublement.com\/index.php?rest_route=\/wp\/v2\/users\/1"}],"replies":[{"embeddable":true,"href":"https:\/\/geantdameublement.com\/index.php?rest_route=%2Fwp%2Fv2%2Fcomments&post=1896"}],"version-history":[{"count":3,"href":"https:\/\/geantdameublement.com\/index.php?rest_route=\/wp\/v2\/pages\/1896\/revisions"}],"predecessor-version":[{"id":2397,"href":"https:\/\/geantdameublement.com\/index.php?rest_route=\/wp\/v2\/pages\/1896\/revisions\/2397"}],"wp:attachment":[{"href":"https:\/\/geantdameublement.com\/index.php?rest_route=%2Fwp%2Fv2%2Fmedia&parent=1896"}],"curies":[{"name":"wp","href":"https:\/\/api.w.org\/{rel}","templated":true}]}}