{"id":1909,"date":"2024-08-07T11:44:05","date_gmt":"2024-08-07T09:44:05","guid":{"rendered":"https:\/\/geantdameublement.com\/?page_id=997"},"modified":"2024-11-11T17:25:23","modified_gmt":"2024-11-11T17:25:23","slug":"cuisines-contemporain","status":"publish","type":"page","link":"https:\/\/geantdameublement.com\/?page_id=1909","title":{"rendered":"Cuisines Contemporaines"},"content":{"rendered":"<div class=\"wpb-content-wrapper\"><p>[vc_row full_width=\u00a0\u00bbstretch_row_content_no_spaces\u00a0\u00bb][vc_column]<div id=\"cz_79026\" class=\"cz_79026 cz_banner clr\">\n\t\t\t<figure class=\"effect-style2\">\n\t\t\t\t<img decoding=\"async\" class=\"\" src=\"https:\/\/geantdameublement.com\/wp-content\/uploads\/2024\/08\/contemporain-banner-1600x620.webp\" width=\"1600\" height=\"620\" alt=\"contemporain-banner\" title=\"contemporain-banner\" loading=\"lazy\" \/>\n\t\t\t\t<figcaption><div><h4>CONTEMPORAINE<\/h4><p class=\"cz_wpe_content\"><p style=\"text-align: center;\"><span style=\"font-size: 36px;\">collection<\/span><\/p>\n<\/p><\/div><\/figcaption>\t\t\t\n\t\t\t<\/figure>\n\t\t<\/div>[\/vc_column][\/vc_row][vc_row][vc_column width=\u00a0\u00bb1\/6&Prime;][\/vc_column][vc_column width=\u00a0\u00bb2\/3&Prime;]<div class=\"cz_gap clr \" style=\"height: 50px\"><\/div><div id=\"cz_76536\" class=\"cz_76536 cz_title clr cz_title_pos_inline tac\"><div class=\"cz_title_content\"><div class=\"cz_wpe_content\"><h3 style=\"text-align: center;\"><span style=\"font-weight: 300; font-size: 36px;\">Cuisines Contemporaines<\/span><\/h3>\n<div style=\"text-align: center;\"><span style=\"font-size: 22px;\">La cuisine Contemporaine, c&rsquo;est le style et la fonctionnalit\u00e9 en harmonie avec le pr\u00e9sent<\/span><\/div>\n<\/div><\/div><\/div><div id=\"cz_36732\" class=\"cz_36732 cz_sml\"><div class=\"cz_sml_inner\"><div class=\"cz_wpe_content\">[vc_column_text]<\/p>\n<p style=\"text-align: center;\"><span style=\"font-size: 19px;\">Les cuisines Contemporaines sont con\u00e7ues pour s&rsquo;adapter au style de vie moderne, offrant un environnement o\u00f9 la fonctionnalit\u00e9 se marie harmonieusement avec l&rsquo;esth\u00e9tique, cr\u00e9ant un lieu accueillant et chaleureux pour cuisiner, manger et socialiser. Le mobilier contemporain pr\u00e9sente des lignes \u00e9pur\u00e9es et minimalistes, associant des mat\u00e9riaux modernes tels que l&rsquo;acier inoxydable, le verre et le ch\u00eane clair pour cr\u00e9er une ambiance lumineuse et a\u00e9r\u00e9e. Gr\u00e2ce \u00e0 la combinaison d&rsquo;un design de pointe et d&rsquo;une fonctionnalit\u00e9 intemporelle, ces cuisines sont le point central de toute maison contemporaine caract\u00e9ris\u00e9e par des espaces fluides et conviviaux.<\/span><\/p>\n<p>[\/vc_column_text]<\/div><div class=\"cz_sml_overlay\"><\/div><\/div><a id=\"cz_show_more_less_btn\" href=\"#more_less\"><span>Savoir plus<i class=\"fa fa-angle-down ml8\"><\/i><\/span><span>Moins<i class=\"fa fa-angle-up ml8\"><\/i><\/span><\/a><\/div>[\/vc_column][vc_column width=\u00a0\u00bb1\/6&Prime;][\/vc_column][\/vc_row][vc_row][vc_column]<div class=\"cz_gap clr \" style=\"height: 50px\"><\/div>[\/vc_column][\/vc_row][vc_row full_width=\u00a0\u00bbstretch_row_content\u00a0\u00bb][vc_column width=\u00a0\u00bb1\/2&Prime;]<a href=\"https:\/\/geantdameublement.com\/?page_id=2060\" rel=\"nofollow\" title=\"Cuisine Contemporain 1\"><div id=\"cz_12437\" class=\"cz_12437 cz_image clr cz_image_no_fx center_on_mobile wpb_animate_when_almost_visible fadeInUp\"><div class=\"\" ><div class=\"cz_image_in\"><div class=\"cz_main_image\"><img decoding=\"async\" width=\"1200\" height=\"760\" src=\"https:\/\/geantdameublement.com\/wp-content\/uploads\/2024\/08\/contemporain-1.webp\" class=\"attachment-full\" alt=\"\" title=\"contemporain-1\" srcset=\"https:\/\/geantdameublement.com\/wp-content\/uploads\/2024\/08\/contemporain-1.webp 1200w, https:\/\/geantdameublement.com\/wp-content\/uploads\/2024\/08\/contemporain-1-300x190.webp 300w, https:\/\/geantdameublement.com\/wp-content\/uploads\/2024\/08\/contemporain-1-1024x649.webp 1024w, https:\/\/geantdameublement.com\/wp-content\/uploads\/2024\/08\/contemporain-1-768x486.webp 768w, https:\/\/geantdameublement.com\/wp-content\/uploads\/2024\/08\/contemporain-1-600x380.webp 600w\" sizes=\"(max-width: 1200px) 100vw, 1200px\" \/><\/div><\/div><\/div><\/div><\/a><div class=\"cz_gap clr \" style=\"height: 20px\"><\/div>[vc_row_inner][vc_column_inner width=\u00a0\u00bb2\/3&Prime;]<div id=\"cz_55523\" class=\"cz_55523 cz_title clr cz_title_pos_inline\"><div class=\"cz_title_content\"><div class=\"cz_wpe_content\"><p><span style=\"font-size: 22px;\">Bois v\u00e9ritable<\/span><\/p>\n<\/div><\/div><\/div>[\/vc_column_inner][vc_column_inner width=\u00a0\u00bb1\/3&Prime;]<div id=\"cz_104352\" class=\"cz_104352 cz_title clr cz_title_pos_right tar\"><div class=\"cz_title_content\"><div class=\"cz_wpe_content\"><p style=\"text-align: right;\"><span style=\"font-size: 19px; font-weight: 200; color: #666666;\">CONTEMPORAINE 01<\/span><\/p>\n<\/div><\/div><\/div>[\/vc_column_inner][\/vc_row_inner][\/vc_column][vc_column width=\u00a0\u00bb1\/2&Prime;]<div class=\"cz_gap show_on_mobile clr\" style=\"height: 50px\"><\/div><a href=\"https:\/\/geantdameublement.com\/?page_id=1022\" title=\"Cuisine Contemporain 2\"><div id=\"cz_57231\" class=\"cz_57231 cz_image clr cz_image_no_fx center_on_mobile wpb_animate_when_almost_visible fadeInUp\"><div class=\"\" ><div class=\"cz_image_in\"><div class=\"cz_main_image\"><img decoding=\"async\" width=\"1200\" height=\"760\" src=\"https:\/\/geantdameublement.com\/wp-content\/uploads\/2024\/08\/contemporain-2.webp\" class=\"attachment-full\" alt=\"\" title=\"contemporain-2\" srcset=\"https:\/\/geantdameublement.com\/wp-content\/uploads\/2024\/08\/contemporain-2.webp 1200w, https:\/\/geantdameublement.com\/wp-content\/uploads\/2024\/08\/contemporain-2-300x190.webp 300w, https:\/\/geantdameublement.com\/wp-content\/uploads\/2024\/08\/contemporain-2-1024x649.webp 1024w, https:\/\/geantdameublement.com\/wp-content\/uploads\/2024\/08\/contemporain-2-768x486.webp 768w, https:\/\/geantdameublement.com\/wp-content\/uploads\/2024\/08\/contemporain-2-600x380.webp 600w\" sizes=\"(max-width: 1200px) 100vw, 1200px\" \/><\/div><\/div><\/div><\/div><\/a><div class=\"cz_gap clr \" style=\"height: 20px\"><\/div>[vc_row_inner][vc_column_inner width=\u00a0\u00bb2\/3&Prime;]<div id=\"cz_105196\" class=\"cz_105196 cz_title clr cz_title_pos_inline\"><div class=\"cz_title_content\"><div class=\"cz_wpe_content\"><p><span style=\"font-size: 22px;\">La mati\u00e8re qui fournit<\/span><\/p>\n<\/div><\/div><\/div>[\/vc_column_inner][vc_column_inner width=\u00a0\u00bb1\/3&Prime;]<div id=\"cz_97381\" class=\"cz_97381 cz_title clr cz_title_pos_right tar\"><div class=\"cz_title_content\"><div class=\"cz_wpe_content\"><p style=\"text-align: right;\"><span style=\"font-size: 19px; font-weight: 200; color: #666666;\">CONTEMPORAINE 02<\/span><\/p>\n<\/div><\/div><\/div>[\/vc_column_inner][\/vc_row_inner][\/vc_column][\/vc_row][vc_row][vc_column]<div class=\"cz_gap clr \" style=\"height: 50px\"><\/div>[\/vc_column][\/vc_row][vc_row full_width=\u00a0\u00bbstretch_row_content\u00a0\u00bb][vc_column width=\u00a0\u00bb1\/2&Prime;]<a href=\"https:\/\/geantdameublement.com\/?page_id=1031\" title=\"Cuisine Contemporain 3\"><div id=\"cz_53501\" class=\"cz_53501 cz_image clr cz_image_no_fx center_on_mobile wpb_animate_when_almost_visible fadeInUp\"><div class=\"\" ><div class=\"cz_image_in\"><div class=\"cz_main_image\"><img decoding=\"async\" width=\"1200\" height=\"760\" src=\"https:\/\/geantdameublement.com\/wp-content\/uploads\/2024\/08\/contemporain-3.webp\" class=\"attachment-full\" alt=\"\" title=\"contemporain-3\" srcset=\"https:\/\/geantdameublement.com\/wp-content\/uploads\/2024\/08\/contemporain-3.webp 1200w, https:\/\/geantdameublement.com\/wp-content\/uploads\/2024\/08\/contemporain-3-300x190.webp 300w, https:\/\/geantdameublement.com\/wp-content\/uploads\/2024\/08\/contemporain-3-1024x649.webp 1024w, https:\/\/geantdameublement.com\/wp-content\/uploads\/2024\/08\/contemporain-3-768x486.webp 768w, https:\/\/geantdameublement.com\/wp-content\/uploads\/2024\/08\/contemporain-3-600x380.webp 600w\" sizes=\"(max-width: 1200px) 100vw, 1200px\" \/><\/div><\/div><\/div><\/div><\/a><div class=\"cz_gap clr \" style=\"height: 20px\"><\/div>[vc_row_inner][vc_column_inner width=\u00a0\u00bb2\/3&Prime;]<div id=\"cz_26882\" class=\"cz_26882 cz_title clr cz_title_pos_inline\"><div class=\"cz_title_content\"><div class=\"cz_wpe_content\"><p><span style=\"font-size: 22px;\">Un projet pour la vie<\/span><\/p>\n<\/div><\/div><\/div>[\/vc_column_inner][vc_column_inner width=\u00a0\u00bb1\/3&Prime;]<div id=\"cz_100355\" class=\"cz_100355 cz_title clr cz_title_pos_right tar\"><div class=\"cz_title_content\"><div class=\"cz_wpe_content\"><p style=\"text-align: right;\"><span style=\"font-size: 19px; font-weight: 200; color: #666666;\">CONTEMPORAINE 03<\/span><\/p>\n<\/div><\/div><\/div>[\/vc_column_inner][\/vc_row_inner][\/vc_column][vc_column width=\u00a0\u00bb1\/2&Prime;]<div class=\"cz_gap show_on_mobile clr\" style=\"height: 50px\"><\/div><a href=\"https:\/\/geantdameublement.com\/?page_id=1047\" title=\"Cuisine Contemporain 4\"><div id=\"cz_53780\" class=\"cz_53780 cz_image clr cz_image_no_fx center_on_mobile wpb_animate_when_almost_visible fadeInUp\"><div class=\"\" ><div class=\"cz_image_in\"><div class=\"cz_main_image\"><img decoding=\"async\" width=\"1200\" height=\"760\" src=\"https:\/\/geantdameublement.com\/wp-content\/uploads\/2024\/08\/contemporain-4.webp\" class=\"attachment-full\" alt=\"\" title=\"contemporain-4\" srcset=\"https:\/\/geantdameublement.com\/wp-content\/uploads\/2024\/08\/contemporain-4.webp 1200w, https:\/\/geantdameublement.com\/wp-content\/uploads\/2024\/08\/contemporain-4-300x190.webp 300w, https:\/\/geantdameublement.com\/wp-content\/uploads\/2024\/08\/contemporain-4-1024x649.webp 1024w, https:\/\/geantdameublement.com\/wp-content\/uploads\/2024\/08\/contemporain-4-768x486.webp 768w, https:\/\/geantdameublement.com\/wp-content\/uploads\/2024\/08\/contemporain-4-600x380.webp 600w\" sizes=\"(max-width: 1200px) 100vw, 1200px\" \/><\/div><\/div><\/div><\/div><\/a><div class=\"cz_gap clr \" style=\"height: 20px\"><\/div>[vc_row_inner][vc_column_inner width=\u00a0\u00bb2\/3&Prime;]<div id=\"cz_19744\" class=\"cz_19744 cz_title clr cz_title_pos_inline\"><div class=\"cz_title_content\"><div class=\"cz_wpe_content\"><p><span style=\"font-size: 22px;\">Espaces qui parlent de vous<\/span><\/p>\n<\/div><\/div><\/div>[\/vc_column_inner][vc_column_inner width=\u00a0\u00bb1\/3&Prime;]<div id=\"cz_87407\" class=\"cz_87407 cz_title clr cz_title_pos_right tar\"><div class=\"cz_title_content\"><div class=\"cz_wpe_content\"><p style=\"text-align: right;\"><span style=\"font-size: 19px; font-weight: 200; color: #666666;\">CONTEMPORAINE 04<\/span><\/p>\n<\/div><\/div><\/div>[\/vc_column_inner][\/vc_row_inner][\/vc_column][\/vc_row][vc_row][vc_column]<div class=\"cz_gap clr \" style=\"height: 50px\"><\/div>[\/vc_column][\/vc_row][vc_row full_width=\u00a0\u00bbstretch_row_content\u00a0\u00bb][vc_column width=\u00a0\u00bb1\/2&Prime;]<a href=\"https:\/\/geantdameublement.com\/?page_id=2147\" title=\"Cuisine Contemporain 5\"><div id=\"cz_31291\" class=\"cz_31291 cz_image clr cz_image_no_fx center_on_mobile wpb_animate_when_almost_visible fadeInUp\"><div class=\"\" ><div class=\"cz_image_in\"><div class=\"cz_main_image\"><img decoding=\"async\" width=\"1200\" height=\"760\" src=\"https:\/\/geantdameublement.com\/wp-content\/uploads\/2024\/08\/contemporain-5.webp\" class=\"attachment-full\" alt=\"\" title=\"contemporain-5\" srcset=\"https:\/\/geantdameublement.com\/wp-content\/uploads\/2024\/08\/contemporain-5.webp 1200w, https:\/\/geantdameublement.com\/wp-content\/uploads\/2024\/08\/contemporain-5-300x190.webp 300w, https:\/\/geantdameublement.com\/wp-content\/uploads\/2024\/08\/contemporain-5-1024x649.webp 1024w, https:\/\/geantdameublement.com\/wp-content\/uploads\/2024\/08\/contemporain-5-768x486.webp 768w, https:\/\/geantdameublement.com\/wp-content\/uploads\/2024\/08\/contemporain-5-600x380.webp 600w\" sizes=\"(max-width: 1200px) 100vw, 1200px\" \/><\/div><\/div><\/div><\/div><\/a><div class=\"cz_gap clr \" style=\"height: 20px\"><\/div>[vc_row_inner][vc_column_inner width=\u00a0\u00bb2\/3&Prime;]<div id=\"cz_13348\" class=\"cz_13348 cz_title clr cz_title_pos_inline\"><div class=\"cz_title_content\"><div class=\"cz_wpe_content\"><p><span style=\"font-size: 22px;\">Cuisine sur mesure<\/span><\/p>\n<\/div><\/div><\/div>[\/vc_column_inner][vc_column_inner width=\u00a0\u00bb1\/3&Prime;]<div id=\"cz_74661\" class=\"cz_74661 cz_title clr cz_title_pos_right tar\"><div class=\"cz_title_content\"><div class=\"cz_wpe_content\"><p style=\"text-align: right;\"><span style=\"font-size: 19px; font-weight: 200; color: #666666;\">CONTEMPORAINE 05<\/span><\/p>\n<\/div><\/div><\/div>[\/vc_column_inner][\/vc_row_inner][\/vc_column][vc_column width=\u00a0\u00bb1\/2&Prime;]<div class=\"cz_gap show_on_mobile clr\" style=\"height: 50px\"><\/div><a href=\"https:\/\/geantdameublement.com\/?page_id=2148\" title=\"Cuisine Contemporain 6\"><div id=\"cz_30285\" class=\"cz_30285 cz_image clr cz_image_no_fx center_on_mobile wpb_animate_when_almost_visible fadeInUp\"><div class=\"\" ><div class=\"cz_image_in\"><div class=\"cz_main_image\"><img decoding=\"async\" width=\"1200\" height=\"760\" src=\"https:\/\/geantdameublement.com\/wp-content\/uploads\/2024\/08\/contemporain-6.webp\" class=\"attachment-full\" alt=\"\" title=\"contemporain-6\" srcset=\"https:\/\/geantdameublement.com\/wp-content\/uploads\/2024\/08\/contemporain-6.webp 1200w, https:\/\/geantdameublement.com\/wp-content\/uploads\/2024\/08\/contemporain-6-300x190.webp 300w, https:\/\/geantdameublement.com\/wp-content\/uploads\/2024\/08\/contemporain-6-1024x649.webp 1024w, https:\/\/geantdameublement.com\/wp-content\/uploads\/2024\/08\/contemporain-6-768x486.webp 768w, https:\/\/geantdameublement.com\/wp-content\/uploads\/2024\/08\/contemporain-6-600x380.webp 600w\" sizes=\"(max-width: 1200px) 100vw, 1200px\" \/><\/div><\/div><\/div><\/div><\/a><div class=\"cz_gap clr \" style=\"height: 20px\"><\/div>[vc_row_inner][vc_column_inner width=\u00a0\u00bb2\/3&Prime;]<div id=\"cz_88210\" class=\"cz_88210 cz_title clr cz_title_pos_inline\"><div class=\"cz_title_content\"><div class=\"cz_wpe_content\"><p><span style=\"font-size: 22px;\">Atmosph\u00e8res v\u00e9cues et espaces de vie<\/span><\/p>\n<\/div><\/div><\/div>[\/vc_column_inner][vc_column_inner width=\u00a0\u00bb1\/3&Prime;]<div id=\"cz_75291\" class=\"cz_75291 cz_title clr cz_title_pos_right tar\"><div class=\"cz_title_content\"><div class=\"cz_wpe_content\"><p style=\"text-align: right;\"><span style=\"font-size: 19px; font-weight: 200; color: #666666;\">CONTEMPORAINE 06<\/span><\/p>\n<\/div><\/div><\/div>[\/vc_column_inner][\/vc_row_inner][\/vc_column][\/vc_row][vc_row][vc_column]<div class=\"cz_gap clr \" style=\"height: 50px\"><\/div>[\/vc_column][\/vc_row][vc_row full_width=\u00a0\u00bbstretch_row_content\u00a0\u00bb][vc_column width=\u00a0\u00bb1\/2&Prime;]<a href=\"https:\/\/geantdameublement.com\/?page_id=1098\" title=\"Cuisine Contemporain 7\"><div id=\"cz_58314\" class=\"cz_58314 cz_image clr cz_image_no_fx center_on_mobile wpb_animate_when_almost_visible fadeInUp\"><div class=\"\" ><div class=\"cz_image_in\"><div class=\"cz_main_image\"><img decoding=\"async\" width=\"1200\" height=\"760\" src=\"https:\/\/geantdameublement.com\/wp-content\/uploads\/2024\/08\/contemporain-7.webp\" class=\"attachment-full\" alt=\"\" title=\"contemporain-7\" srcset=\"https:\/\/geantdameublement.com\/wp-content\/uploads\/2024\/08\/contemporain-7.webp 1200w, https:\/\/geantdameublement.com\/wp-content\/uploads\/2024\/08\/contemporain-7-300x190.webp 300w, https:\/\/geantdameublement.com\/wp-content\/uploads\/2024\/08\/contemporain-7-1024x649.webp 1024w, https:\/\/geantdameublement.com\/wp-content\/uploads\/2024\/08\/contemporain-7-768x486.webp 768w, https:\/\/geantdameublement.com\/wp-content\/uploads\/2024\/08\/contemporain-7-600x380.webp 600w\" sizes=\"(max-width: 1200px) 100vw, 1200px\" \/><\/div><\/div><\/div><\/div><\/a><div class=\"cz_gap clr \" style=\"height: 20px\"><\/div>[vc_row_inner][vc_column_inner width=\u00a0\u00bb2\/3&Prime;]<div id=\"cz_107169\" class=\"cz_107169 cz_title clr cz_title_pos_inline\"><div class=\"cz_title_content\"><div class=\"cz_wpe_content\"><p><span style=\"font-size: 22px;\">Solutions de composition \u00e9l\u00e9gantes<\/span><\/p>\n<\/div><\/div><\/div>[\/vc_column_inner][vc_column_inner width=\u00a0\u00bb1\/3&Prime;]<div id=\"cz_46293\" class=\"cz_46293 cz_title clr cz_title_pos_right tar\"><div class=\"cz_title_content\"><div class=\"cz_wpe_content\"><p style=\"text-align: right;\"><span style=\"font-size: 19px; font-weight: 200; color: #666666;\">CONTEMPORAINE 07<\/span><\/p>\n<\/div><\/div><\/div>[\/vc_column_inner][\/vc_row_inner][\/vc_column][vc_column width=\u00a0\u00bb1\/2&Prime;]<div class=\"cz_gap show_on_mobile clr\" style=\"height: 50px\"><\/div><a href=\"https:\/\/geantdameublement.com\/?page_id=1114\" title=\"Cuisine Contemporain 8\"><div id=\"cz_69538\" class=\"cz_69538 cz_image clr cz_image_no_fx center_on_mobile wpb_animate_when_almost_visible fadeInUp\"><div class=\"\" ><div class=\"cz_image_in\"><div class=\"cz_main_image\"><img decoding=\"async\" width=\"1200\" height=\"760\" src=\"https:\/\/geantdameublement.com\/wp-content\/uploads\/2024\/08\/contemporain-8.webp\" class=\"attachment-full\" alt=\"\" title=\"contemporain-8\" srcset=\"https:\/\/geantdameublement.com\/wp-content\/uploads\/2024\/08\/contemporain-8.webp 1200w, https:\/\/geantdameublement.com\/wp-content\/uploads\/2024\/08\/contemporain-8-300x190.webp 300w, https:\/\/geantdameublement.com\/wp-content\/uploads\/2024\/08\/contemporain-8-1024x649.webp 1024w, https:\/\/geantdameublement.com\/wp-content\/uploads\/2024\/08\/contemporain-8-768x486.webp 768w, https:\/\/geantdameublement.com\/wp-content\/uploads\/2024\/08\/contemporain-8-600x380.webp 600w\" sizes=\"(max-width: 1200px) 100vw, 1200px\" \/><\/div><\/div><\/div><\/div><\/a><div class=\"cz_gap clr \" style=\"height: 20px\"><\/div>[vc_row_inner][vc_column_inner width=\u00a0\u00bb2\/3&Prime;]<div id=\"cz_26860\" class=\"cz_26860 cz_title clr cz_title_pos_inline\"><div class=\"cz_title_content\"><div class=\"cz_wpe_content\"><p><span style=\"font-size: 22px;\">Un environnement \u00e9l\u00e9gant et accueillant<\/span><\/p>\n<\/div><\/div><\/div>[\/vc_column_inner][vc_column_inner width=\u00a0\u00bb1\/3&Prime;]<div id=\"cz_76231\" class=\"cz_76231 cz_title clr cz_title_pos_right tar\"><div class=\"cz_title_content\"><div class=\"cz_wpe_content\"><p style=\"text-align: right;\"><span style=\"font-size: 19px; font-weight: 200; color: #666666;\">CONTEMPORAINE 08<\/span><\/p>\n<\/div><\/div><\/div>[\/vc_column_inner][\/vc_row_inner][\/vc_column][\/vc_row]<\/p>\n<\/div>","protected":false},"excerpt":{"rendered":"<p>[vc_row full_width=\u00a0\u00bbstretch_row_content_no_spaces\u00a0\u00bb][vc_column][\/vc_column][\/vc_row][vc_row][vc_column width=\u00a0\u00bb1\/6&Prime;][\/vc_column][vc_column width=\u00a0\u00bb2\/3&Prime;][\/vc_column][vc_column width=\u00a0\u00bb1\/6&Prime;][\/vc_column][\/vc_row][vc_row][vc_column][\/vc_column][\/vc_row][vc_row full_width=\u00a0\u00bbstretch_row_content\u00a0\u00bb][vc_column width=\u00a0\u00bb1\/2&Prime;][vc_row_inner][vc_column_inner width=\u00a0\u00bb2\/3&Prime;][\/vc_column_inner][vc_column_inner width=\u00a0\u00bb1\/3&Prime;][\/vc_column_inner][\/vc_row_inner][\/vc_column][vc_column width=\u00a0\u00bb1\/2&Prime;][vc_row_inner][vc_column_inner width=\u00a0\u00bb2\/3&Prime;][\/vc_column_inner][vc_column_inner &#8230; <\/p>\n","protected":false},"author":1,"featured_media":0,"parent":95,"menu_order":0,"comment_status":"closed","ping_status":"closed","template":"","meta":{"footnotes":""},"class_list":["post-1909","page","type-page","status-publish","hentry"],"_links":{"self":[{"href":"https:\/\/geantdameublement.com\/index.php?rest_route=\/wp\/v2\/pages\/1909","targetHints":{"allow":["GET"]}}],"collection":[{"href":"https:\/\/geantdameublement.com\/index.php?rest_route=\/wp\/v2\/pages"}],"about":[{"href":"https:\/\/geantdameublement.com\/index.php?rest_route=\/wp\/v2\/types\/page"}],"author":[{"embeddable":true,"href":"https:\/\/geantdameublement.com\/index.php?rest_route=\/wp\/v2\/users\/1"}],"replies":[{"embeddable":true,"href":"https:\/\/geantdameublement.com\/index.php?rest_route=%2Fwp%2Fv2%2Fcomments&post=1909"}],"version-history":[{"count":0,"href":"https:\/\/geantdameublement.com\/index.php?rest_route=\/wp\/v2\/pages\/1909\/revisions"}],"up":[{"embeddable":true,"href":"https:\/\/geantdameublement.com\/index.php?rest_route=\/wp\/v2\/pages\/95"}],"wp:attachment":[{"href":"https:\/\/geantdameublement.com\/index.php?rest_route=%2Fwp%2Fv2%2Fmedia&parent=1909"}],"curies":[{"name":"wp","href":"https:\/\/api.w.org\/{rel}","templated":true}]}}