{"id":214,"date":"2024-08-02T18:15:31","date_gmt":"2024-08-02T16:15:31","guid":{"rendered":"https:\/\/carthage-tech.net\/demo\/geant\/?page_id=214"},"modified":"2025-01-21T08:50:52","modified_gmt":"2025-01-21T08:50:52","slug":"cuisine-hc-08-minimale","status":"publish","type":"page","link":"https:\/\/geantdameublement.com\/?page_id=214","title":{"rendered":"Cuisine Hc.08 Minimale"},"content":{"rendered":"<div class=\"wpb-content-wrapper\"><p>[vc_row full_width=\u00a0\u00bbstretch_row_content_no_spaces\u00a0\u00bb][vc_column]<div id=\"cz_21289\" class=\"cz_21289 cz_banner clr\">\n\t\t\t<figure class=\"effect-style2\">\n\t\t\t\t<img decoding=\"async\" class=\"\" src=\"https:\/\/geantdameublement.com\/wp-content\/uploads\/2024\/08\/design1-1600x620.webp\" width=\"1600\" height=\"620\" alt=\"design1\" title=\"design1\" loading=\"lazy\" \/>\n\t\t\t\t<figcaption><div><h4>HC.08 MINIMAL<\/h4><\/div><\/figcaption>\t\t\t\n\t\t\t<\/figure>\n\t\t<\/div><div id=\"cz_29255\" class=\"cz_29255 cz_title clr cz_title_pos_inline\"><div class=\"cz_title_content\"><span class=\"cz_line_side_solo\">_<\/span><div class=\"cz_wpe_content\"><p>FICHE TECHNIQUE<\/p>\n<\/div><\/div><\/div>[\/vc_column][\/vc_row][vc_row][vc_column]<div class=\"cz_gap clr \" style=\"height: 50px\"><\/div>[\/vc_column][\/vc_row][vc_row][vc_column width=\u00a0\u00bb1\/2&Prime;]<div id=\"cz_52095\" class=\"cz_52095 cz_title clr cz_title_pos_inline wpb_animate_when_almost_visible fadeInUp\"><div class=\"cz_title_content\"><div class=\"cz_wpe_content\"><p style=\"line-height: 1;\"><span style=\"font-size: 46px; font-weight: 100; text-size-adjust: 70%;\">DES SURFACES MAT\u00c9RIELLES AUX VERTUS FONCTIONNELLES ET ESTHETIQUES ELEVEES<\/span><\/p>\n<\/div><\/div><\/div>[\/vc_column][vc_column width=\u00a0\u00bb1\/2&Prime;]<div id=\"cz_41582\" class=\"cz_41582 cz_title clr cz_title_pos_inline wpb_animate_when_almost_visible fadeInUp\"><div class=\"cz_title_content\"><div class=\"cz_wpe_content\"><p><span style=\"font-size: 19px; font-weight: 300;\">Ilot central, meubles hauts et lave-linge mural avec portes en laque sp\u00e9ciale Rigato Metal Bronze. Plan de travail en stratifi\u00e9 HPL Full Color Botticino.<\/span><br \/>\n<span style=\"font-size: 19px; font-weight: 300;\">Ouverture de l&rsquo;\u00e9l\u00e9ment bas avec syst\u00e8me de rainure amovible uniquement sur l&rsquo;\u00eelot central ; le syst\u00e8me Tip-on a \u00e9t\u00e9 utilis\u00e9 pour les armoires murales et la poign\u00e9e encastr\u00e9e Integra et Short Integra en finition Metal Grey pour les solutions avec portes encastr\u00e9es. En arri\u00e8re-plan, les vitrines Telayo en finition Gris M\u00e9tal et verre fum\u00e9. Les \u00e9l\u00e9ments de rangement et les fonds sont en Noyer Giffoni thermostructur\u00e9 avec \u00e9clairage LED int\u00e9gr\u00e9. \u00c9tag\u00e8res fines en m\u00e9tal bruni au-dessus de l&rsquo;\u00e9vier et Grand garde-manger modulaire Isola avec structure coextrud\u00e9e en aluminium bruni au-dessus de l&rsquo;\u00eelot.<\/span><\/p>\n<\/div><\/div><\/div>[\/vc_column][\/vc_row][vc_row][vc_column]<div class=\"cz_gap clr \" style=\"height: 100px\"><\/div>[\/vc_column][\/vc_row][vc_row full_width=\u00a0\u00bbstretch_row_content_no_spaces\u00a0\u00bb][vc_column]<div id=\"cz_83506\" class=\"cz_83506 cz_image clr cz_image_no_fx center_on_mobile wpb_animate_when_almost_visible zoomIn\"><div class=\"\" ><div class=\"cz_image_in\"><div class=\"cz_main_image\"><img decoding=\"async\" width=\"2500\" height=\"1450\" src=\"https:\/\/geantdameublement.com\/wp-content\/uploads\/2024\/08\/design01-1.webp\" class=\"attachment-full\" alt=\"\" title=\"design01-1\" srcset=\"https:\/\/geantdameublement.com\/wp-content\/uploads\/2024\/08\/design01-1.webp 2500w, https:\/\/geantdameublement.com\/wp-content\/uploads\/2024\/08\/design01-1-300x174.webp 300w, https:\/\/geantdameublement.com\/wp-content\/uploads\/2024\/08\/design01-1-1024x594.webp 1024w, https:\/\/geantdameublement.com\/wp-content\/uploads\/2024\/08\/design01-1-768x445.webp 768w, https:\/\/geantdameublement.com\/wp-content\/uploads\/2024\/08\/design01-1-1536x891.webp 1536w, https:\/\/geantdameublement.com\/wp-content\/uploads\/2024\/08\/design01-1-2048x1188.webp 2048w, https:\/\/geantdameublement.com\/wp-content\/uploads\/2024\/08\/design01-1-600x348.webp 600w\" sizes=\"(max-width: 2500px) 100vw, 2500px\" \/><\/div><\/div><\/div><\/div>[\/vc_column][\/vc_row][vc_row][vc_column]<div class=\"cz_gap clr \" style=\"height: 100px\"><\/div>[\/vc_column][\/vc_row][vc_row full_width=\u00a0\u00bbstretch_row_content_no_spaces\u00a0\u00bb][vc_column width=\u00a0\u00bb1\/2&Prime;]<div id=\"cz_43909\" class=\"cz_43909 cz_image clr cz_image_no_fx center_on_mobile wpb_animate_when_almost_visible fadeInRight\"><div class=\"\" ><div class=\"cz_image_in\"><div class=\"cz_main_image\"><img decoding=\"async\" class=\"\" src=\"https:\/\/geantdameublement.com\/wp-content\/uploads\/2024\/08\/design01-2-800x1100.webp\" width=\"800\" height=\"1100\" alt=\"design01-2\" title=\"design01-2\" loading=\"lazy\" \/><\/div><\/div><\/div><\/div>[\/vc_column][vc_column width=\u00a0\u00bb1\/2&Prime;]<div class=\"cz_gap clr \" style=\"height: 60px\"><\/div><div id=\"cz_44007\" class=\"cz_44007 cz_title clr cz_title_pos_inline wpb_animate_when_almost_visible fadeInUp\"><div class=\"cz_title_content\"><div class=\"cz_wpe_content\"><p><span style=\"font-size: 19px; font-weight: 300;\">La grande imperm\u00e9abilit\u00e9 du HPL joue en faveur de son utilisation pour int\u00e9grer l&rsquo;\u00e9vier dans le plan de travail, ce qui favorise l&rsquo;homog\u00e9n\u00e9it\u00e9 stylistique de la proposition. Il s&rsquo;agit d&rsquo;un mat\u00e9riau certifi\u00e9 particuli\u00e8rement adapt\u00e9 au contact avec les denr\u00e9es alimentaires, offrant la possibilit\u00e9 d&rsquo;obtenir des surfaces mat\u00e9rielles aux vertus fonctionnelles et esth\u00e9tiques \u00e9lev\u00e9es, agr\u00e9ables \u00e0 l&rsquo;\u0153il et au toucher.<\/span><\/p>\n<\/div><\/div><\/div><div class=\"cz_gap clr \" style=\"height: 60px\"><\/div><div id=\"cz_28229\" class=\"cz_28229 cz_image clr cz_image_no_fx center_on_mobile wpb_animate_when_almost_visible fadeInUp\"><div class=\"\" ><div class=\"cz_image_in\"><div class=\"cz_main_image\"><img decoding=\"async\" class=\"\" src=\"https:\/\/geantdameublement.com\/wp-content\/uploads\/2024\/08\/design01-3.webp\" width=\"600\" height=\"792\" alt=\"design01-3\" title=\"design01-3\" loading=\"lazy\" \/><\/div><\/div><\/div><\/div>[\/vc_column][\/vc_row][vc_row][vc_column]<div class=\"cz_gap clr \" style=\"height: 50px\"><\/div>[\/vc_column][\/vc_row][vc_row full_width=\u00a0\u00bbstretch_row\u00a0\u00bb css=\u00a0\u00bb.vc_custom_1737364138927{background-color: #000000 !important;}\u00a0\u00bb][vc_column][vc_raw_html css=\u00a0\u00bb\u00a0\u00bb]cCUyMiUzQ3ZpZGVvJTIwd2lkdGglM0QlMjI4MDAlMjIlMjBoZWlnaHQlM0QlMjI0MDAlMjIlMjBwb3N0ZXIlM0QlMjJodHRwcyUzQSUyRiUyRmdlYW50ZGFtZXVibGVtZW50LmNvbSUyRndwLWNvbnRlbnQlMkZ1cGxvYWRzJTJGMjAyNCUyRjA4JTJGZGVzaWduMS53ZWJwJTIyJTIwY29udHJvbHMlM0UlMEElM0Nzb3VyY2UlMjBzcmMlM0QlMjJodHRwcyUzQSUyRiUyRmdlYW50ZGFtZXVibGVtZW50LmNvbSUyRndwLWNvbnRlbnQlMkZ1cGxvYWRzJTJGMjAyNSUyRjAxJTJGMDUubXA0JTIyJTIwdHlwZSUzRCUyMnZpZGVvJTJGbXA0JTIyJTNFJTBBJTNDJTJGdmlkZW8lM0U=[\/vc_raw_html][\/vc_column][\/vc_row][vc_row][vc_column]<div class=\"cz_gap clr \" style=\"height: 50px\"><\/div>[\/vc_column][\/vc_row][vc_row full_width=\u00a0\u00bbstretch_row_content_no_spaces\u00a0\u00bb][vc_column]<div id=\"cz_69282\" class=\"cz_69282 cz_image clr cz_image_no_fx center_on_mobile wpb_animate_when_almost_visible zoomIn\"><div class=\"\" ><div class=\"cz_image_in\"><div class=\"cz_main_image\"><img decoding=\"async\" width=\"2500\" height=\"1450\" src=\"https:\/\/geantdameublement.com\/wp-content\/uploads\/2024\/08\/design01-4.webp\" class=\"attachment-full\" alt=\"\" title=\"design01-4\" srcset=\"https:\/\/geantdameublement.com\/wp-content\/uploads\/2024\/08\/design01-4.webp 2500w, https:\/\/geantdameublement.com\/wp-content\/uploads\/2024\/08\/design01-4-300x174.webp 300w, https:\/\/geantdameublement.com\/wp-content\/uploads\/2024\/08\/design01-4-1024x594.webp 1024w, https:\/\/geantdameublement.com\/wp-content\/uploads\/2024\/08\/design01-4-768x445.webp 768w, https:\/\/geantdameublement.com\/wp-content\/uploads\/2024\/08\/design01-4-1536x891.webp 1536w, https:\/\/geantdameublement.com\/wp-content\/uploads\/2024\/08\/design01-4-2048x1188.webp 2048w, https:\/\/geantdameublement.com\/wp-content\/uploads\/2024\/08\/design01-4-600x348.webp 600w\" sizes=\"(max-width: 2500px) 100vw, 2500px\" \/><\/div><\/div><\/div><\/div>[\/vc_column][\/vc_row][vc_row][vc_column]<div class=\"cz_gap clr \" style=\"height: 150px\"><\/div>[\/vc_column][\/vc_row][vc_row full_width=\u00a0\u00bbstretch_row_content_no_spaces\u00a0\u00bb][vc_column width=\u00a0\u00bb1\/2&Prime;]<div class=\"cz_gap clr \" style=\"height: 50px\"><\/div><div id=\"cz_75965\" class=\"cz_75965 cz_title clr cz_title_pos_inline wpb_animate_when_almost_visible fadeInUp\"><div class=\"cz_title_content\"><div class=\"cz_wpe_content\"><p><span style=\"font-size: 19px; font-weight: 300;\">Le rangement change de vitesse et acc\u00e9l\u00e8re vers une id\u00e9e d&rsquo;espace plus utilisable o\u00f9 les meubles hauts deviennent des coffres qui r\u00e9v\u00e8lent les appareils int\u00e9gr\u00e9s et les zones de travail. Gr\u00e2ce \u00e0 l&rsquo;installation d&rsquo;\u00e9tag\u00e8res coulissantes \u00e0 l&rsquo;int\u00e9rieur de la colonne \u00e9quip\u00e9e, la surface de travail s&rsquo;agrandit lorsque le besoin s&rsquo;en fait sentir, augmentant ainsi la fonctionnalit\u00e9 et la praticit\u00e9 de l&rsquo;unit\u00e9 de stockage.<\/span><\/p>\n<\/div><\/div><\/div><div class=\"cz_gap clr \" style=\"height: 50px\"><\/div><div id=\"cz_107711\" class=\"cz_107711 cz_image clr cz_image_no_fx center_on_mobile wpb_animate_when_almost_visible fadeInUp\"><div class=\"\" ><div class=\"cz_image_in\"><div class=\"cz_main_image\"><img decoding=\"async\" class=\"\" src=\"https:\/\/geantdameublement.com\/wp-content\/uploads\/2024\/08\/design01-5-600x670.webp\" width=\"600\" height=\"670\" alt=\"design01-5\" title=\"design01-5\" loading=\"lazy\" \/><\/div><\/div><\/div><\/div>[\/vc_column][vc_column width=\u00a0\u00bb1\/2&Prime;]<div id=\"cz_57513\" class=\"cz_57513 cz_image clr cz_image_no_fx center_on_mobile wpb_animate_when_almost_visible fadeInLeft\"><div class=\"\" ><div class=\"cz_image_in\"><div class=\"cz_main_image\"><img decoding=\"async\" width=\"1000\" height=\"1250\" src=\"https:\/\/geantdameublement.com\/wp-content\/uploads\/2024\/08\/design01-6.webp\" class=\"attachment-full\" alt=\"\" title=\"design01-6\" srcset=\"https:\/\/geantdameublement.com\/wp-content\/uploads\/2024\/08\/design01-6.webp 1000w, https:\/\/geantdameublement.com\/wp-content\/uploads\/2024\/08\/design01-6-240x300.webp 240w, https:\/\/geantdameublement.com\/wp-content\/uploads\/2024\/08\/design01-6-819x1024.webp 819w, https:\/\/geantdameublement.com\/wp-content\/uploads\/2024\/08\/design01-6-768x960.webp 768w, https:\/\/geantdameublement.com\/wp-content\/uploads\/2024\/08\/design01-6-600x750.webp 600w\" sizes=\"(max-width: 1000px) 100vw, 1000px\" \/><\/div><\/div><\/div><\/div>[\/vc_column][\/vc_row][vc_row][vc_column]<div class=\"cz_gap clr \" style=\"height: 150px\"><\/div>[\/vc_column][\/vc_row][vc_row full_width=\u00a0\u00bbstretch_row_content_no_spaces\u00a0\u00bb][vc_column]<div id=\"cz_29912\" class=\"cz_29912 cz_image clr cz_image_no_fx center_on_mobile wpb_animate_when_almost_visible zoomIn\"><div class=\"\" ><div class=\"cz_image_in\"><div class=\"cz_main_image\"><img decoding=\"async\" width=\"2500\" height=\"1450\" src=\"https:\/\/geantdameublement.com\/wp-content\/uploads\/2024\/08\/design01-7.webp\" class=\"attachment-full\" alt=\"\" title=\"design01-7\" srcset=\"https:\/\/geantdameublement.com\/wp-content\/uploads\/2024\/08\/design01-7.webp 2500w, https:\/\/geantdameublement.com\/wp-content\/uploads\/2024\/08\/design01-7-300x174.webp 300w, https:\/\/geantdameublement.com\/wp-content\/uploads\/2024\/08\/design01-7-1024x594.webp 1024w, https:\/\/geantdameublement.com\/wp-content\/uploads\/2024\/08\/design01-7-768x445.webp 768w, https:\/\/geantdameublement.com\/wp-content\/uploads\/2024\/08\/design01-7-1536x891.webp 1536w, https:\/\/geantdameublement.com\/wp-content\/uploads\/2024\/08\/design01-7-2048x1188.webp 2048w, https:\/\/geantdameublement.com\/wp-content\/uploads\/2024\/08\/design01-7-600x348.webp 600w\" sizes=\"(max-width: 2500px) 100vw, 2500px\" \/><\/div><\/div><\/div><\/div>[\/vc_column][\/vc_row][vc_row][vc_column]<div class=\"cz_gap clr \" style=\"height: 150px\"><\/div>[\/vc_column][\/vc_row][vc_row full_width=\u00a0\u00bbstretch_row_content_no_spaces\u00a0\u00bb][vc_column width=\u00a0\u00bb1\/2&Prime;]<div id=\"cz_89528\" class=\"cz_89528 cz_image clr cz_image_no_fx center_on_mobile wpb_animate_when_almost_visible fadeInRight\"><div class=\"\" ><div class=\"cz_image_in\"><div class=\"cz_main_image\"><img decoding=\"async\" class=\"\" src=\"https:\/\/geantdameublement.com\/wp-content\/uploads\/2024\/08\/design01-8-800x1250.webp\" width=\"800\" height=\"1250\" alt=\"design01-8\" title=\"design01-8\" loading=\"lazy\" \/><\/div><\/div><\/div><\/div>[\/vc_column][vc_column width=\u00a0\u00bb1\/2&Prime;]<div class=\"cz_gap clr \" style=\"height: 50px\"><\/div><div id=\"cz_66155\" class=\"cz_66155 cz_image clr cz_image_no_fx center_on_mobile wpb_animate_when_almost_visible fadeInUp\"><div class=\"\" ><div class=\"cz_image_in\"><div class=\"cz_main_image\"><img decoding=\"async\" class=\"\" src=\"https:\/\/geantdameublement.com\/wp-content\/uploads\/2024\/08\/design01-9.webp\" width=\"600\" height=\"792\" alt=\"design01-9\" title=\"design01-9\" loading=\"lazy\" \/><\/div><\/div><\/div><\/div><div class=\"cz_gap clr \" style=\"height: 50px\"><\/div><div id=\"cz_24080\" class=\"cz_24080 cz_title clr cz_title_pos_inline\"><div class=\"cz_title_content\"><div class=\"cz_wpe_content\"><p><span style=\"font-size: 19px; font-weight: 300;\">Disponibles en diff\u00e9rentes tailles, les vitrines Telayo se caract\u00e9risent par un cadre m\u00e9tallique en finition gris m\u00e9tal avec une poign\u00e9e incorpor\u00e9e sur le c\u00f4t\u00e9. Elles contiennent du verre fum\u00e9 bronz\u00e9 et sont \u00e9quip\u00e9es de charni\u00e8res sp\u00e9ciales tr\u00e8s performantes dissimul\u00e9es dans le profil de la porte. Le premier avantage de ce type de charni\u00e8re saute aux yeux : il s&rsquo;agit de \u00ab\u00a0cacher pour montrer\u00a0\u00bb. En effet, invisibles de l&rsquo;ext\u00e9rieur, elles ne nuisent pas \u00e0 l&rsquo;esth\u00e9tique et au design du meuble. Les \u00e9tag\u00e8res en verre ajoutent encore \u00e0 la l\u00e9g\u00e8ret\u00e9 et \u00e0 l&rsquo;\u00e9l\u00e9gance de la proposition, en permettant \u00e0 la lumi\u00e8re int\u00e9rieure de rayonner sans entrave dans tout le compartiment.<\/span><\/p>\n<\/div><\/div><\/div>[\/vc_column][\/vc_row][vc_row][vc_column]<div class=\"cz_gap clr \" style=\"height: 150px\"><\/div>[\/vc_column][\/vc_row][vc_row full_width=\u00a0\u00bbstretch_row_content_no_spaces\u00a0\u00bb][vc_column width=\u00a0\u00bb1\/2&Prime;]<div class=\"cz_gap clr \" style=\"height: 50px\"><\/div><div id=\"cz_29118\" class=\"cz_29118 cz_image clr cz_image_no_fx center_on_mobile wpb_animate_when_almost_visible fadeInUp\"><div class=\"\" ><div class=\"cz_image_in\"><div class=\"cz_main_image\"><img decoding=\"async\" class=\"\" src=\"https:\/\/geantdameublement.com\/wp-content\/uploads\/2024\/08\/design01-10-600x700.webp\" width=\"600\" height=\"700\" alt=\"design01-10\" title=\"design01-10\" loading=\"lazy\" \/><\/div><\/div><\/div><\/div><div class=\"cz_gap clr \" style=\"height: 30px\"><\/div><div id=\"cz_32052\" class=\"cz_32052 cz_title clr cz_title_pos_inline wpb_animate_when_almost_visible fadeInUp\"><div class=\"cz_title_content\"><div class=\"cz_wpe_content\"><p><span style=\"font-size: 19px; font-weight: 300;\">Lorsque l&rsquo;architecture devient l\u00e9g\u00e8re, elle d\u00e9finit des environnements plus flexibles, d\u00e9passant le concept de la cuisine traditionnelle au profit de la conception libre d&rsquo;espaces sur mesure.<\/span><br \/>\n<span style=\"font-size: 19px; font-weight: 300;\">Un \u00eelot important personnalis\u00e9 par l&rsquo;accessoire Modular sur le plan de travail et une s\u00e9rie d&rsquo;armoires hautes s&rsquo;int\u00e8grent parfaitement dans l&rsquo;espace domestique o\u00f9 tout le superflu a \u00e9t\u00e9 \u00e9limin\u00e9.<\/span><\/p>\n<\/div><\/div><\/div>[\/vc_column][vc_column width=\u00a0\u00bb1\/2&Prime;]<div id=\"cz_12873\" class=\"cz_12873 cz_image clr cz_image_no_fx center_on_mobile wpb_animate_when_almost_visible fadeInLeft\"><div class=\"\" ><div class=\"cz_image_in\"><div class=\"cz_main_image\"><img decoding=\"async\" width=\"1000\" height=\"1250\" src=\"https:\/\/geantdameublement.com\/wp-content\/uploads\/2024\/08\/design01-11.webp\" class=\"attachment-full\" alt=\"\" title=\"design01-11\" srcset=\"https:\/\/geantdameublement.com\/wp-content\/uploads\/2024\/08\/design01-11.webp 1000w, https:\/\/geantdameublement.com\/wp-content\/uploads\/2024\/08\/design01-11-240x300.webp 240w, https:\/\/geantdameublement.com\/wp-content\/uploads\/2024\/08\/design01-11-819x1024.webp 819w, https:\/\/geantdameublement.com\/wp-content\/uploads\/2024\/08\/design01-11-768x960.webp 768w, https:\/\/geantdameublement.com\/wp-content\/uploads\/2024\/08\/design01-11-600x750.webp 600w\" sizes=\"(max-width: 1000px) 100vw, 1000px\" \/><\/div><\/div><\/div><\/div>[\/vc_column][\/vc_row][vc_row][vc_column]<div class=\"cz_gap clr \" style=\"height: 150px\"><\/div>[\/vc_column][\/vc_row][vc_row][vc_column]<div id=\"cz_91530\" class=\"cz_91530 cz_image clr cz_image_no_fx center_on_mobile wpb_animate_when_almost_visible zoomIn\"><div class=\"\" ><div class=\"cz_image_in\"><div class=\"cz_main_image\"><img decoding=\"async\" width=\"950\" height=\"800\" src=\"https:\/\/geantdameublement.com\/wp-content\/uploads\/2024\/08\/design01-12.webp\" class=\"attachment-full\" alt=\"\" title=\"design01-12\" srcset=\"https:\/\/geantdameublement.com\/wp-content\/uploads\/2024\/08\/design01-12.webp 950w, https:\/\/geantdameublement.com\/wp-content\/uploads\/2024\/08\/design01-12-300x253.webp 300w, https:\/\/geantdameublement.com\/wp-content\/uploads\/2024\/08\/design01-12-768x647.webp 768w, https:\/\/geantdameublement.com\/wp-content\/uploads\/2024\/08\/design01-12-600x505.webp 600w\" sizes=\"(max-width: 950px) 100vw, 950px\" \/><\/div><\/div><\/div><\/div>[\/vc_column][\/vc_row]<\/p>\n<\/div>","protected":false},"excerpt":{"rendered":"<p>[vc_row full_width=\u00a0\u00bbstretch_row_content_no_spaces\u00a0\u00bb][vc_column][\/vc_column][\/vc_row][vc_row][vc_column][\/vc_column][\/vc_row][vc_row][vc_column width=\u00a0\u00bb1\/2&Prime;][\/vc_column][vc_column width=\u00a0\u00bb1\/2&Prime;][\/vc_column][\/vc_row][vc_row][vc_column][\/vc_column][\/vc_row][vc_row full_width=\u00a0\u00bbstretch_row_content_no_spaces\u00a0\u00bb][vc_column][\/vc_column][\/vc_row][vc_row][vc_column][\/vc_column][\/vc_row][vc_row full_width=\u00a0\u00bbstretch_row_content_no_spaces\u00a0\u00bb][vc_column width=\u00a0\u00bb1\/2&Prime;][\/vc_column][vc_column width=\u00a0\u00bb1\/2&Prime;][\/vc_column][\/vc_row][vc_row][vc_column][\/vc_column][\/vc_row][vc_row full_width=\u00a0\u00bbstretch_row\u00a0\u00bb css=\u00a0\u00bb.vc_custom_1737364138927{background-color: #000000 &#8230; <\/p>\n","protected":false},"author":1,"featured_media":0,"parent":158,"menu_order":0,"comment_status":"closed","ping_status":"closed","template":"","meta":{"footnotes":""},"class_list":["post-214","page","type-page","status-publish","hentry"],"_links":{"self":[{"href":"https:\/\/geantdameublement.com\/index.php?rest_route=\/wp\/v2\/pages\/214","targetHints":{"allow":["GET"]}}],"collection":[{"href":"https:\/\/geantdameublement.com\/index.php?rest_route=\/wp\/v2\/pages"}],"about":[{"href":"https:\/\/geantdameublement.com\/index.php?rest_route=\/wp\/v2\/types\/page"}],"author":[{"embeddable":true,"href":"https:\/\/geantdameublement.com\/index.php?rest_route=\/wp\/v2\/users\/1"}],"replies":[{"embeddable":true,"href":"https:\/\/geantdameublement.com\/index.php?rest_route=%2Fwp%2Fv2%2Fcomments&post=214"}],"version-history":[{"count":5,"href":"https:\/\/geantdameublement.com\/index.php?rest_route=\/wp\/v2\/pages\/214\/revisions"}],"predecessor-version":[{"id":2381,"href":"https:\/\/geantdameublement.com\/index.php?rest_route=\/wp\/v2\/pages\/214\/revisions\/2381"}],"up":[{"embeddable":true,"href":"https:\/\/geantdameublement.com\/index.php?rest_route=\/wp\/v2\/pages\/158"}],"wp:attachment":[{"href":"https:\/\/geantdameublement.com\/index.php?rest_route=%2Fwp%2Fv2%2Fmedia&parent=214"}],"curies":[{"name":"wp","href":"https:\/\/api.w.org\/{rel}","templated":true}]}}