{"id":2154,"date":"2024-08-11T13:22:43","date_gmt":"2024-08-11T11:22:43","guid":{"rendered":"https:\/\/geantdameublement.com\/?page_id=1575"},"modified":"2024-11-11T17:14:58","modified_gmt":"2024-11-11T17:14:58","slug":"salles-de-bain","status":"publish","type":"page","link":"https:\/\/geantdameublement.com\/?page_id=2154","title":{"rendered":"Salles de bain"},"content":{"rendered":"<div class=\"wpb-content-wrapper\"><p>[vc_row full_width=\u00a0\u00bbstretch_row_content_no_spaces\u00a0\u00bb][vc_column]<div id=\"cz_94384\" class=\"cz_94384 cz_banner clr\">\n\t\t\t<figure class=\"effect-style2\">\n\t\t\t\t<img decoding=\"async\" class=\"\" src=\"https:\/\/geantdameublement.com\/wp-content\/uploads\/2024\/08\/salles-de-bain-banner-1600x620.webp\" width=\"1600\" height=\"620\" alt=\"salles de bain banner\" title=\"salles de bain banner\" loading=\"lazy\" \/>\n\t\t\t\t<figcaption><div><h4>SALLES DE BAIN<\/h4><\/div><\/figcaption>\t\t\t\n\t\t\t<\/figure>\n\t\t<\/div>[\/vc_column][\/vc_row][vc_row][vc_column width=\u00a0\u00bb1\/6&Prime;][\/vc_column][vc_column width=\u00a0\u00bb2\/3&Prime;]<div class=\"cz_gap clr \" style=\"height: 50px\"><\/div><div id=\"cz_26306\" class=\"cz_26306 cz_title clr cz_title_pos_inline tac\"><div class=\"cz_title_content\"><div class=\"cz_wpe_content\"><h3 style=\"text-align: center;\"><span style=\"font-weight: 500;\">LA FIABILIT\u00c9 DU PRODUIT<\/span><\/h3>\n<\/div><\/div><\/div><div class=\"cz_gap clr \" style=\"height: 50px\"><\/div>[vc_column_text]<span style=\"font-size: 19px; font-weight: 300;\">Aujourd\u2019hui plus que jamais, l\u2019am\u00e9nagement de la salle de bain est un \u00e9l\u00e9ment essentiel de la vie quotidienne et G\u00e9ant d&rsquo;ameublement est toujours \u00e0 la pointe dans l\u2019\u00e9tude des nouvelles tendances en mati\u00e8re d\u2019ameublement et de convivialit\u00e9, enrichissant les nouvelles collections de lignes modernes et attrayantes, associ\u00e9es \u00e0 la technologie des composants, garantissant ainsi un produit durable dans le temps.<\/span><\/p>\n<p><span style=\"font-size: 19px; font-weight: 300;\">Le choix d\u2019une salle de bain d\u00e9passe la simple n\u00e9cessit\u00e9 ; il s\u2019agit de r\u00e9aliser un r\u00eave, de donner vie \u00e0 un espace qui non seulement r\u00e9pond \u00e0 un besoin mais exprime un d\u00e9sir qui r\u00e9side au plus profond de l\u2019\u00e2me. C\u2019est la recherche de cet \u00e9merveillement de la part d\u2019un ami qui entre et se trouve face \u00e0 quelque chose de jamais vu auparavant, un espace qui r\u00e9sonne avec la personnalit\u00e9 et les go\u00fbts uniques de celui qui l\u2019a imagin\u00e9.<\/span>[\/vc_column_text][\/vc_column][vc_column width=\u00a0\u00bb1\/6&Prime;][\/vc_column][\/vc_row][vc_row][vc_column]<div class=\"cz_gap clr \" style=\"height: 100px\"><\/div>[\/vc_column][\/vc_row][vc_row full_width=\u00a0\u00bbstretch_row_content\u00a0\u00bb][vc_column width=\u00a0\u00bb1\/4&Prime;]<div class=\"cz_gap clr  hide_on_mobile\" style=\"height: 250px\"><\/div><div class=\"cz_gap show_on_mobile clr\" style=\"height: 50px\"><\/div><div class=\"\"><div class=\"cz_103146_p clr wpb_animate_when_almost_visible fadeInUp\"><a id=\"cz_103146\" class=\"cz_103146 cz_btn cz_btn_txt_no_fx cz_btn_no_fx cz_mobile_btn_center\" href=\"https:\/\/geantdameublement.com\/?page_id=2152\" title=\"Catalogues s\u00e9jours\"><span><strong>Voir les Catalogues<\/strong><\/span><b class=\"cz_btn_onhover\"><strong>Voir les Catalogues<\/strong><\/b><\/a><\/div><\/div><div class=\"cz_gap show_on_mobile clr\" style=\"height: 50px\"><\/div>[\/vc_column][vc_column width=\u00a0\u00bb3\/4&Prime;]<div id=\"cz_23936\" class=\"cz_grid_p cz_23936\"><div class=\"cz_grid cz_grid_1 clr cz_grid_c4 cz_grid_1_no_title cz_grid_1_mid tac\" data-animation=\"cz_grid_anim_zoom_in\"><div class=\"cz_grid_item cz_grid_first\"><\/div><div class=\"cz_grid_item \"><div><a class=\"cz_grid_link \" href=\"https:\/\/geantdameublement.com\/wp-content\/uploads\/2024\/08\/TULLE_T08_gen_sg.webp\" data-xtra-lightbox><img decoding=\"async\" width=\"600\" height=\"600\" src=\"https:\/\/geantdameublement.com\/wp-content\/uploads\/2024\/08\/TULLE_T08_gen_sg-600x600.webp\" class=\"attachment-codevz_600_600\" alt=\"\" title=\"TULLE_T08_gen_sg\" srcset=\"https:\/\/geantdameublement.com\/wp-content\/uploads\/2024\/08\/TULLE_T08_gen_sg-600x600.webp 600w, https:\/\/geantdameublement.com\/wp-content\/uploads\/2024\/08\/TULLE_T08_gen_sg-150x150.webp 150w\" sizes=\"(max-width: 600px) 100vw, 600px\" \/><div class=\"cz_grid_details\"><i class=\"fa fa-search cz_grid_icon\"><\/i><\/div><\/a><\/div><\/div><div class=\"cz_grid_item \"><div><a class=\"cz_grid_link \" href=\"https:\/\/geantdameublement.com\/wp-content\/uploads\/2024\/08\/TULLE_T05_gen_sg.webp\" data-xtra-lightbox><img decoding=\"async\" width=\"600\" height=\"600\" src=\"https:\/\/geantdameublement.com\/wp-content\/uploads\/2024\/08\/TULLE_T05_gen_sg-600x600.webp\" class=\"attachment-codevz_600_600\" alt=\"\" title=\"TULLE_T05_gen_sg\" srcset=\"https:\/\/geantdameublement.com\/wp-content\/uploads\/2024\/08\/TULLE_T05_gen_sg-600x600.webp 600w, https:\/\/geantdameublement.com\/wp-content\/uploads\/2024\/08\/TULLE_T05_gen_sg-150x150.webp 150w\" sizes=\"(max-width: 600px) 100vw, 600px\" \/><div class=\"cz_grid_details\"><i class=\"fa fa-search cz_grid_icon\"><\/i><\/div><\/a><\/div><\/div><div class=\"cz_grid_item \"><div><a class=\"cz_grid_link \" href=\"https:\/\/geantdameublement.com\/wp-content\/uploads\/2024\/08\/TULLE_T06_gen_sg.webp\" data-xtra-lightbox><img decoding=\"async\" width=\"600\" height=\"600\" src=\"https:\/\/geantdameublement.com\/wp-content\/uploads\/2024\/08\/TULLE_T06_gen_sg-600x600.webp\" class=\"attachment-codevz_600_600\" alt=\"\" title=\"TULLE_T06_gen_sg\" srcset=\"https:\/\/geantdameublement.com\/wp-content\/uploads\/2024\/08\/TULLE_T06_gen_sg-600x600.webp 600w, https:\/\/geantdameublement.com\/wp-content\/uploads\/2024\/08\/TULLE_T06_gen_sg-150x150.webp 150w\" sizes=\"(max-width: 600px) 100vw, 600px\" \/><div class=\"cz_grid_details\"><i class=\"fa fa-search cz_grid_icon\"><\/i><\/div><\/a><\/div><\/div><div class=\"cz_grid_item \"><div><a class=\"cz_grid_link \" href=\"https:\/\/geantdameublement.com\/wp-content\/uploads\/2024\/08\/MODULO-M04-G_sg.webp\" data-xtra-lightbox><img decoding=\"async\" width=\"600\" height=\"600\" src=\"https:\/\/geantdameublement.com\/wp-content\/uploads\/2024\/08\/MODULO-M04-G_sg-600x600.webp\" class=\"attachment-codevz_600_600\" alt=\"\" title=\"MODULO-M04-G_sg\" srcset=\"https:\/\/geantdameublement.com\/wp-content\/uploads\/2024\/08\/MODULO-M04-G_sg-600x600.webp 600w, https:\/\/geantdameublement.com\/wp-content\/uploads\/2024\/08\/MODULO-M04-G_sg-150x150.webp 150w\" sizes=\"(max-width: 600px) 100vw, 600px\" \/><div class=\"cz_grid_details\"><i class=\"fa fa-search cz_grid_icon\"><\/i><\/div><\/a><\/div><\/div><div class=\"cz_grid_item \"><div><a class=\"cz_grid_link \" href=\"https:\/\/geantdameublement.com\/wp-content\/uploads\/2024\/08\/Q-05-G_sg.webp\" data-xtra-lightbox><img decoding=\"async\" width=\"600\" height=\"600\" src=\"https:\/\/geantdameublement.com\/wp-content\/uploads\/2024\/08\/Q-05-G_sg-600x600.webp\" class=\"attachment-codevz_600_600\" alt=\"\" title=\"Q-05-G_sg\" srcset=\"https:\/\/geantdameublement.com\/wp-content\/uploads\/2024\/08\/Q-05-G_sg-600x600.webp 600w, https:\/\/geantdameublement.com\/wp-content\/uploads\/2024\/08\/Q-05-G_sg-150x150.webp 150w\" sizes=\"(max-width: 600px) 100vw, 600px\" \/><div class=\"cz_grid_details\"><i class=\"fa fa-search cz_grid_icon\"><\/i><\/div><\/a><\/div><\/div><div class=\"cz_grid_item \"><div><a class=\"cz_grid_link \" href=\"https:\/\/geantdameublement.com\/wp-content\/uploads\/2024\/08\/TULLE_T15_gen_sg.webp\" data-xtra-lightbox><img decoding=\"async\" width=\"600\" height=\"600\" src=\"https:\/\/geantdameublement.com\/wp-content\/uploads\/2024\/08\/TULLE_T15_gen_sg-600x600.webp\" class=\"attachment-codevz_600_600\" alt=\"\" title=\"TULLE_T15_gen_sg\" srcset=\"https:\/\/geantdameublement.com\/wp-content\/uploads\/2024\/08\/TULLE_T15_gen_sg-600x600.webp 600w, https:\/\/geantdameublement.com\/wp-content\/uploads\/2024\/08\/TULLE_T15_gen_sg-150x150.webp 150w\" sizes=\"(max-width: 600px) 100vw, 600px\" \/><div class=\"cz_grid_details\"><i class=\"fa fa-search cz_grid_icon\"><\/i><\/div><\/a><\/div><\/div><div class=\"cz_grid_item \"><div><a class=\"cz_grid_link \" href=\"https:\/\/geantdameublement.com\/wp-content\/uploads\/2024\/08\/TULLE-TC04-G_sg.webp\" data-xtra-lightbox><img decoding=\"async\" width=\"600\" height=\"600\" src=\"https:\/\/geantdameublement.com\/wp-content\/uploads\/2024\/08\/TULLE-TC04-G_sg-600x600.webp\" class=\"attachment-codevz_600_600\" alt=\"\" title=\"TULLE-TC04-G_sg\" srcset=\"https:\/\/geantdameublement.com\/wp-content\/uploads\/2024\/08\/TULLE-TC04-G_sg-600x600.webp 600w, https:\/\/geantdameublement.com\/wp-content\/uploads\/2024\/08\/TULLE-TC04-G_sg-150x150.webp 150w\" sizes=\"(max-width: 600px) 100vw, 600px\" \/><div class=\"cz_grid_details\"><i class=\"fa fa-search cz_grid_icon\"><\/i><\/div><\/a><\/div><\/div><div class=\"cz_grid_item \"><div><a class=\"cz_grid_link \" href=\"https:\/\/geantdameublement.com\/wp-content\/uploads\/2024\/08\/LINEA-L-05-G_sg.webp\" data-xtra-lightbox><img decoding=\"async\" width=\"600\" height=\"600\" src=\"https:\/\/geantdameublement.com\/wp-content\/uploads\/2024\/08\/LINEA-L-05-G_sg-600x600.webp\" class=\"attachment-codevz_600_600\" alt=\"\" title=\"LINEA-L-05-G_sg\" srcset=\"https:\/\/geantdameublement.com\/wp-content\/uploads\/2024\/08\/LINEA-L-05-G_sg-600x600.webp 600w, https:\/\/geantdameublement.com\/wp-content\/uploads\/2024\/08\/LINEA-L-05-G_sg-150x150.webp 150w\" sizes=\"(max-width: 600px) 100vw, 600px\" \/><div class=\"cz_grid_details\"><i class=\"fa fa-search cz_grid_icon\"><\/i><\/div><\/a><\/div><\/div><\/div><\/div>[\/vc_column][\/vc_row]<\/p>\n<\/div>","protected":false},"excerpt":{"rendered":"<p>[vc_row full_width=\u00a0\u00bbstretch_row_content_no_spaces\u00a0\u00bb][vc_column][\/vc_column][\/vc_row][vc_row][vc_column width=\u00a0\u00bb1\/6&Prime;][\/vc_column][vc_column width=\u00a0\u00bb2\/3&Prime;][vc_column_text]Aujourd\u2019hui plus que jamais, l\u2019am\u00e9nagement de la salle &#8230; <\/p>\n","protected":false},"author":1,"featured_media":0,"parent":0,"menu_order":0,"comment_status":"closed","ping_status":"closed","template":"","meta":{"footnotes":""},"class_list":["post-2154","page","type-page","status-publish","hentry"],"_links":{"self":[{"href":"https:\/\/geantdameublement.com\/index.php?rest_route=\/wp\/v2\/pages\/2154","targetHints":{"allow":["GET"]}}],"collection":[{"href":"https:\/\/geantdameublement.com\/index.php?rest_route=\/wp\/v2\/pages"}],"about":[{"href":"https:\/\/geantdameublement.com\/index.php?rest_route=\/wp\/v2\/types\/page"}],"author":[{"embeddable":true,"href":"https:\/\/geantdameublement.com\/index.php?rest_route=\/wp\/v2\/users\/1"}],"replies":[{"embeddable":true,"href":"https:\/\/geantdameublement.com\/index.php?rest_route=%2Fwp%2Fv2%2Fcomments&post=2154"}],"version-history":[{"count":0,"href":"https:\/\/geantdameublement.com\/index.php?rest_route=\/wp\/v2\/pages\/2154\/revisions"}],"wp:attachment":[{"href":"https:\/\/geantdameublement.com\/index.php?rest_route=%2Fwp%2Fv2%2Fmedia&parent=2154"}],"curies":[{"name":"wp","href":"https:\/\/api.w.org\/{rel}","templated":true}]}}