{"id":487,"date":"2024-08-04T11:37:46","date_gmt":"2024-08-04T09:37:46","guid":{"rendered":"https:\/\/carthage-tech.net\/demo\/geant\/?page_id=487"},"modified":"2025-01-21T09:00:13","modified_gmt":"2025-01-21T09:00:13","slug":"cuisine-hc-08-high-4","status":"publish","type":"page","link":"https:\/\/geantdameublement.com\/?page_id=487","title":{"rendered":"Cuisine Hc.08 High 4"},"content":{"rendered":"<div class=\"wpb-content-wrapper\"><p>[vc_row full_width=\u00a0\u00bbstretch_row_content_no_spaces\u00a0\u00bb][vc_column]<div id=\"cz_106771\" class=\"cz_106771 cz_banner clr\">\n\t\t\t<figure class=\"effect-style2\">\n\t\t\t\t<img decoding=\"async\" class=\"\" src=\"https:\/\/geantdameublement.com\/wp-content\/uploads\/2024\/08\/design9-banner-1600x620.webp\" width=\"1600\" height=\"620\" alt=\"design9-banner\" title=\"design9-banner\" loading=\"lazy\" \/>\n\t\t\t\t<figcaption><div><h4>HC.08 High<\/h4><\/div><\/figcaption>\t\t\t\n\t\t\t<\/figure>\n\t\t<\/div><div id=\"cz_29255\" class=\"cz_29255 cz_title clr cz_title_pos_inline\"><div class=\"cz_title_content\"><span class=\"cz_line_side_solo\">_<\/span><div class=\"cz_wpe_content\"><p>FICHE TECHNIQUE<\/p>\n<\/div><\/div><\/div>[\/vc_column][\/vc_row][vc_row][vc_column]<div class=\"cz_gap clr \" style=\"height: 50px\"><\/div>[\/vc_column][\/vc_row][vc_row][vc_column width=\u00a0\u00bb1\/2&Prime;]<div id=\"cz_13284\" class=\"cz_13284 cz_title clr cz_title_pos_inline wpb_animate_when_almost_visible fadeInUp\"><div class=\"cz_title_content\"><div class=\"cz_wpe_content\"><p style=\"line-height: 1;\"><span style=\"font-size: 46px; font-weight: 100; text-size-adjust: 70%;\">ESPACE D&rsquo;ID\u00c9ES<\/span><\/p>\n<\/div><\/div><\/div>[\/vc_column][vc_column width=\u00a0\u00bb1\/2&Prime;]<div id=\"cz_44128\" class=\"cz_44128 cz_title clr cz_title_pos_inline wpb_animate_when_almost_visible fadeInUp\"><div class=\"cz_title_content\"><div class=\"cz_wpe_content\"><p><span style=\"font-size: 19px; font-weight: 300;\">SP.22 columns in matt lacquered Lead with metallic effect, same finish proposed in the base units of the cooking area of the island. In the washing area, SP.22 model is always used for the base units, but in HPL with Unicolor Kan\u00e8 edge finish. The matching worktop to these it is in Stream stratified HPL, to create a solid in purity. In the Living the suspended base units are veneered Tuttolegno Crude Split Knotted Oak, the same material proposed in the counter and in the panelling of the Vertigo metal elements inserted in the column system. <\/span><\/p>\n<\/div><\/div><\/div>[\/vc_column][\/vc_row][vc_row][vc_column]<div class=\"cz_gap clr \" style=\"height: 100px\"><\/div>[\/vc_column][\/vc_row][vc_row full_width=\u00a0\u00bbstretch_row_content_no_spaces\u00a0\u00bb][vc_column]<div id=\"cz_67953\" class=\"cz_67953 cz_image clr cz_image_no_fx center_on_mobile wpb_animate_when_almost_visible zoomIn\"><div class=\"\" ><div class=\"cz_image_in\"><div class=\"cz_main_image\"><img decoding=\"async\" width=\"2500\" height=\"1334\" src=\"https:\/\/geantdameublement.com\/wp-content\/uploads\/2024\/08\/design9-1.webp\" class=\"attachment-full\" alt=\"\" title=\"design9-1\" srcset=\"https:\/\/geantdameublement.com\/wp-content\/uploads\/2024\/08\/design9-1.webp 2500w, https:\/\/geantdameublement.com\/wp-content\/uploads\/2024\/08\/design9-1-300x160.webp 300w, https:\/\/geantdameublement.com\/wp-content\/uploads\/2024\/08\/design9-1-1024x546.webp 1024w, https:\/\/geantdameublement.com\/wp-content\/uploads\/2024\/08\/design9-1-768x410.webp 768w, https:\/\/geantdameublement.com\/wp-content\/uploads\/2024\/08\/design9-1-1536x820.webp 1536w, https:\/\/geantdameublement.com\/wp-content\/uploads\/2024\/08\/design9-1-2048x1093.webp 2048w, https:\/\/geantdameublement.com\/wp-content\/uploads\/2024\/08\/design9-1-600x320.webp 600w\" sizes=\"(max-width: 2500px) 100vw, 2500px\" \/><\/div><\/div><\/div><\/div>[\/vc_column][\/vc_row][vc_row][vc_column]<div class=\"cz_gap clr \" style=\"height: 100px\"><\/div>[\/vc_column][\/vc_row][vc_row full_width=\u00a0\u00bbstretch_row_content_no_spaces\u00a0\u00bb][vc_column width=\u00a0\u00bb1\/2&Prime;]<div id=\"cz_110910\" class=\"cz_110910 cz_image clr cz_image_no_fx center_on_mobile wpb_animate_when_almost_visible fadeInLeft\"><div class=\"\" ><div class=\"cz_image_in\"><div class=\"cz_main_image\"><img decoding=\"async\" width=\"1000\" height=\"1250\" src=\"https:\/\/geantdameublement.com\/wp-content\/uploads\/2024\/08\/design9-2.webp\" class=\"attachment-full\" alt=\"\" title=\"design9-2\" srcset=\"https:\/\/geantdameublement.com\/wp-content\/uploads\/2024\/08\/design9-2.webp 1000w, https:\/\/geantdameublement.com\/wp-content\/uploads\/2024\/08\/design9-2-240x300.webp 240w, https:\/\/geantdameublement.com\/wp-content\/uploads\/2024\/08\/design9-2-819x1024.webp 819w, https:\/\/geantdameublement.com\/wp-content\/uploads\/2024\/08\/design9-2-768x960.webp 768w, https:\/\/geantdameublement.com\/wp-content\/uploads\/2024\/08\/design9-2-600x750.webp 600w\" sizes=\"(max-width: 1000px) 100vw, 1000px\" \/><\/div><\/div><\/div><\/div>[\/vc_column][vc_column width=\u00a0\u00bb1\/2&Prime;]<div class=\"cz_gap clr \" style=\"height: 150px\"><\/div><div id=\"cz_85418\" class=\"cz_85418 cz_title clr cz_title_pos_inline wpb_animate_when_almost_visible fadeInUp\"><div class=\"cz_title_content\"><div class=\"cz_wpe_content\"><div style=\"line-height: 1;\"><span style=\"font-size: 46px; font-weight: 200;\">Le laquage \u00e0 effet M\u00e9tallique<\/span><\/div>\n<\/div><\/div><\/div><div class=\"cz_gap clr \" style=\"height: 50px\"><\/div><div id=\"cz_68729\" class=\"cz_68729 cz_title clr cz_title_pos_inline wpb_animate_when_almost_visible fadeInUp\"><div class=\"cz_title_content\"><div class=\"cz_wpe_content\"><p><span style=\"font-size: 19px; font-weight: 300;\">Le laquage \u00e0 effet m\u00e9tallique est issu d&rsquo;un processus de peinture qui implique l&rsquo;application d&rsquo;une couche de polyester blanc utilis\u00e9e comme base sur un panneau MDF stabilisant. Ensuite, 5 \u00e0 6 couches de composants pigment\u00e9s sont appliqu\u00e9es \u00e0 la main, ce qui donne un effet m\u00e9tallique mat sur toute la surface, y compris les bords.<\/span><\/p>\n<p>&nbsp;<\/p>\n<p><span style=\"font-size: 19px; font-weight: 300;\">La pigmentation est fix\u00e9e au support et prot\u00e9g\u00e9e par une peinture acrylique opaque et, gr\u00e2ce au travail artisanal de lissage et de brossage, on obtient l&rsquo;effet brillant.<\/span><\/p>\n<\/div><\/div><\/div>[\/vc_column][\/vc_row][vc_row][vc_column]<div class=\"cz_gap clr \" style=\"height: 50px\"><\/div>[\/vc_column][\/vc_row][vc_row full_width=\u00a0\u00bbstretch_row\u00a0\u00bb css=\u00a0\u00bb.vc_custom_1737367980359{background-color: #000000 !important;}\u00a0\u00bb][vc_column][vc_raw_html css=\u00a0\u00bb\u00a0\u00bb]JTNDdmlkZW8lMjB3aWR0aCUzRCUyMjgwMCUyMiUyMGhlaWdodCUzRCUyMjQwMCUyMiUyMHBvc3RlciUzRCUyMmh0dHBzJTNBJTJGJTJGZ2VhbnRkYW1ldWJsZW1lbnQuY29tJTJGd3AtY29udGVudCUyRnVwbG9hZHMlMkYyMDI0JTJGMDglMkZkZXNpZ24wOS53ZWJwJTIyJTIwY29udHJvbHMlM0UlMEElM0Nzb3VyY2UlMjBzcmMlM0QlMjJodHRwcyUzQSUyRiUyRmdlYW50ZGFtZXVibGVtZW50LmNvbSUyRndwLWNvbnRlbnQlMkZ1cGxvYWRzJTJGMjAyNSUyRjAxJTJGMDEubXA0JTIyJTIwdHlwZSUzRCUyMnZpZGVvJTJGbXA0JTIyJTNFJTBBJTNDJTJGdmlkZW8lM0U=[\/vc_raw_html][\/vc_column][\/vc_row][vc_row][vc_column]<div class=\"cz_gap clr \" style=\"height: 50px\"><\/div>[\/vc_column][\/vc_row][vc_row full_width=\u00a0\u00bbstretch_row_content_no_spaces\u00a0\u00bb][vc_column width=\u00a0\u00bb1\/2&Prime;]<div id=\"cz_91356\" class=\"cz_91356 cz_image clr cz_image_no_fx center_on_mobile wpb_animate_when_almost_visible fadeInUp\"><div class=\"\" ><div class=\"cz_image_in\"><div class=\"cz_main_image\"><img decoding=\"async\" width=\"1000\" height=\"1250\" src=\"https:\/\/geantdameublement.com\/wp-content\/uploads\/2024\/08\/design9-3.webp\" class=\"attachment-full\" alt=\"\" title=\"design9-3\" srcset=\"https:\/\/geantdameublement.com\/wp-content\/uploads\/2024\/08\/design9-3.webp 1000w, https:\/\/geantdameublement.com\/wp-content\/uploads\/2024\/08\/design9-3-240x300.webp 240w, https:\/\/geantdameublement.com\/wp-content\/uploads\/2024\/08\/design9-3-819x1024.webp 819w, https:\/\/geantdameublement.com\/wp-content\/uploads\/2024\/08\/design9-3-768x960.webp 768w, https:\/\/geantdameublement.com\/wp-content\/uploads\/2024\/08\/design9-3-600x750.webp 600w\" sizes=\"(max-width: 1000px) 100vw, 1000px\" \/><\/div><\/div><\/div><\/div>[\/vc_column][vc_column width=\u00a0\u00bb1\/2&Prime;]<div id=\"cz_90999\" class=\"cz_90999 cz_image clr cz_image_no_fx center_on_mobile wpb_animate_when_almost_visible fadeInUp\"><div class=\"\" ><div class=\"cz_image_in\"><div class=\"cz_main_image\"><img decoding=\"async\" width=\"1000\" height=\"1250\" src=\"https:\/\/geantdameublement.com\/wp-content\/uploads\/2024\/08\/design9-4.webp\" class=\"attachment-full\" alt=\"\" title=\"design9-4\" srcset=\"https:\/\/geantdameublement.com\/wp-content\/uploads\/2024\/08\/design9-4.webp 1000w, https:\/\/geantdameublement.com\/wp-content\/uploads\/2024\/08\/design9-4-240x300.webp 240w, https:\/\/geantdameublement.com\/wp-content\/uploads\/2024\/08\/design9-4-819x1024.webp 819w, https:\/\/geantdameublement.com\/wp-content\/uploads\/2024\/08\/design9-4-768x960.webp 768w, https:\/\/geantdameublement.com\/wp-content\/uploads\/2024\/08\/design9-4-600x750.webp 600w\" sizes=\"(max-width: 1000px) 100vw, 1000px\" \/><\/div><\/div><\/div><\/div>[\/vc_column][\/vc_row][vc_row][vc_column]<div class=\"cz_gap clr \" style=\"height: 50px\"><\/div>[\/vc_column][\/vc_row][vc_row full_width=\u00a0\u00bbstretch_row_content_no_spaces\u00a0\u00bb][vc_column width=\u00a0\u00bb1\/2&Prime;]<div id=\"cz_16458\" class=\"cz_16458 cz_image clr cz_image_no_fx center_on_mobile wpb_animate_when_almost_visible fadeInRight\"><div class=\"\" ><div class=\"cz_image_in\"><div class=\"cz_main_image\"><img decoding=\"async\" class=\"\" src=\"https:\/\/geantdameublement.com\/wp-content\/uploads\/2024\/08\/design9-5-800x950.webp\" width=\"800\" height=\"950\" alt=\"design9-5\" title=\"design9-5\" loading=\"lazy\" \/><\/div><\/div><\/div><\/div>[\/vc_column][vc_column width=\u00a0\u00bb1\/2&Prime;]<div class=\"cz_gap clr \" style=\"height: 50px\"><\/div><div id=\"cz_97106\" class=\"cz_97106 cz_title clr cz_title_pos_inline wpb_animate_when_almost_visible fadeInUp\"><div class=\"cz_title_content\"><div class=\"cz_wpe_content\"><p><span style=\"font-size: 19px; font-weight: 300;\">Le stratifi\u00e9 HPL est un stratifi\u00e9 compos\u00e9 int\u00e9rieurement de couches de fibres cellulosiques impr\u00e9gn\u00e9es de r\u00e9sines ph\u00e9noliques, tandis que les couches ext\u00e9rieures sont impr\u00e9gn\u00e9es de r\u00e9sines thermodurcissables. Le tout subit la polycondensation des r\u00e9sines sous une forte pression, combin\u00e9e \u00e0 la chaleur.<\/span><\/p>\n<\/div><\/div><\/div><div class=\"cz_gap clr \" style=\"height: 50px\"><\/div><div id=\"cz_71514\" class=\"cz_71514 cz_image clr cz_image_no_fx center_on_mobile wpb_animate_when_almost_visible fadeInUp\"><div class=\"\" ><div class=\"cz_image_in\"><div class=\"cz_main_image\"><img decoding=\"async\" class=\"\" src=\"https:\/\/geantdameublement.com\/wp-content\/uploads\/2024\/08\/design9-6-600x700.webp\" width=\"600\" height=\"700\" alt=\"design9-6\" title=\"design9-6\" loading=\"lazy\" \/><\/div><\/div><\/div><\/div>[\/vc_column][\/vc_row][vc_row][vc_column]<div class=\"cz_gap clr \" style=\"height: 150px\"><\/div>[\/vc_column][\/vc_row][vc_row full_width=\u00a0\u00bbstretch_row_content_no_spaces\u00a0\u00bb][vc_column width=\u00a0\u00bb1\/2&Prime;]<div class=\"cz_gap clr \" style=\"height: 50px\"><\/div><div id=\"cz_99376\" class=\"cz_99376 cz_image clr cz_image_no_fx center_on_mobile wpb_animate_when_almost_visible fadeInUp\"><div class=\"\" ><div class=\"cz_image_in\"><div class=\"cz_main_image\"><img decoding=\"async\" class=\"\" src=\"https:\/\/geantdameublement.com\/wp-content\/uploads\/2024\/08\/design9-7.webp\" width=\"600\" height=\"536\" alt=\"design9-7\" title=\"design9-7\" loading=\"lazy\" \/><\/div><\/div><\/div><\/div><div class=\"cz_gap clr \" style=\"height: 50px\"><\/div><div id=\"cz_93478\" class=\"cz_93478 cz_title clr cz_title_pos_inline\"><div class=\"cz_title_content\"><div class=\"cz_wpe_content\"><p><span style=\"font-size: 19px; font-weight: 300;\">\u00ab\u00a0L&rsquo;espace des id\u00e9es\u00a0\u00bb est la volont\u00e9 de trouver des solutions efficaces pour mettre en valeur le garde-manger. En arri\u00e8re-plan, la biblioth\u00e8que plafond\/sol est constitu\u00e9e d&rsquo;un profil\u00e9 m\u00e9tallique de 20&#215;20 mm en finition Gris M\u00e9tal, disponible en diff\u00e9rentes hauteurs. Le traitement du bord inclin\u00e9 du comptoir snack en Ch\u00eane Brut Nou\u00e9 donne de la l\u00e9g\u00e8ret\u00e9 \u00e0 cette zone de la cuisine, o\u00f9 il est possible de s&rsquo;asseoir de mani\u00e8re informelle sur le tabouret pour prendre un repas ou un petit d\u00e9jeuner sans mettre la table, comme dans un pub.<\/span><\/p>\n<\/div><\/div><\/div>[\/vc_column][vc_column width=\u00a0\u00bb1\/2&Prime;]<div id=\"cz_14034\" class=\"cz_14034 cz_image clr cz_image_no_fx center_on_mobile wpb_animate_when_almost_visible fadeInLeft\"><div class=\"\" ><div class=\"cz_image_in\"><div class=\"cz_main_image\"><img decoding=\"async\" width=\"1000\" height=\"1250\" src=\"https:\/\/geantdameublement.com\/wp-content\/uploads\/2024\/08\/design9-8.webp\" class=\"attachment-full\" alt=\"\" title=\"design9-8\" srcset=\"https:\/\/geantdameublement.com\/wp-content\/uploads\/2024\/08\/design9-8.webp 1000w, https:\/\/geantdameublement.com\/wp-content\/uploads\/2024\/08\/design9-8-240x300.webp 240w, https:\/\/geantdameublement.com\/wp-content\/uploads\/2024\/08\/design9-8-819x1024.webp 819w, https:\/\/geantdameublement.com\/wp-content\/uploads\/2024\/08\/design9-8-768x960.webp 768w, https:\/\/geantdameublement.com\/wp-content\/uploads\/2024\/08\/design9-8-600x750.webp 600w\" sizes=\"(max-width: 1000px) 100vw, 1000px\" \/><\/div><\/div><\/div><\/div>[\/vc_column][\/vc_row][vc_row][vc_column]<div class=\"cz_gap clr \" style=\"height: 150px\"><\/div>[\/vc_column][\/vc_row][vc_row full_width=\u00a0\u00bbstretch_row_content_no_spaces\u00a0\u00bb][vc_column]<div id=\"cz_96034\" class=\"cz_96034 cz_image clr cz_image_no_fx center_on_mobile wpb_animate_when_almost_visible zoomIn\"><div class=\"\" ><div class=\"cz_image_in\"><div class=\"cz_main_image\"><img decoding=\"async\" width=\"2500\" height=\"1334\" src=\"https:\/\/geantdameublement.com\/wp-content\/uploads\/2024\/08\/design9-9.webp\" class=\"attachment-full\" alt=\"\" title=\"design9-9\" srcset=\"https:\/\/geantdameublement.com\/wp-content\/uploads\/2024\/08\/design9-9.webp 2500w, https:\/\/geantdameublement.com\/wp-content\/uploads\/2024\/08\/design9-9-300x160.webp 300w, https:\/\/geantdameublement.com\/wp-content\/uploads\/2024\/08\/design9-9-1024x546.webp 1024w, https:\/\/geantdameublement.com\/wp-content\/uploads\/2024\/08\/design9-9-768x410.webp 768w, https:\/\/geantdameublement.com\/wp-content\/uploads\/2024\/08\/design9-9-1536x820.webp 1536w, https:\/\/geantdameublement.com\/wp-content\/uploads\/2024\/08\/design9-9-2048x1093.webp 2048w, https:\/\/geantdameublement.com\/wp-content\/uploads\/2024\/08\/design9-9-600x320.webp 600w\" sizes=\"(max-width: 2500px) 100vw, 2500px\" \/><\/div><\/div><\/div><\/div>[\/vc_column][\/vc_row][vc_row][vc_column]<div class=\"cz_gap clr \" style=\"height: 150px\"><\/div>[\/vc_column][\/vc_row][vc_row full_width=\u00a0\u00bbstretch_row_content_no_spaces\u00a0\u00bb][vc_column width=\u00a0\u00bb1\/2&Prime;]<div id=\"cz_81908\" class=\"cz_81908 cz_image clr cz_image_no_fx center_on_mobile wpb_animate_when_almost_visible fadeInRight\"><div class=\"\" ><div class=\"cz_image_in\"><div class=\"cz_main_image\"><img decoding=\"async\" class=\"\" src=\"https:\/\/geantdameublement.com\/wp-content\/uploads\/2024\/08\/design9-10-800x1250.webp\" width=\"800\" height=\"1250\" alt=\"design9-10\" title=\"design9-10\" loading=\"lazy\" \/><\/div><\/div><\/div><\/div>[\/vc_column][vc_column width=\u00a0\u00bb1\/2&Prime;]<div class=\"cz_gap clr \" style=\"height: 50px\"><\/div><div id=\"cz_105535\" class=\"cz_105535 cz_title clr cz_title_pos_inline\"><div class=\"cz_title_content\"><div class=\"cz_wpe_content\"><p><span style=\"font-size: 46px; font-weight: 200;\">LE SYST\u00c8ME VERTIGO<\/span><\/p>\n<\/div><\/div><\/div><div id=\"cz_47211\" class=\"cz_47211 cz_title clr cz_title_pos_inline\"><div class=\"cz_title_content\"><div class=\"cz_wpe_content\"><p><span style=\"font-size: 19px; font-weight: 300;\">Les \u00e9l\u00e9ments m\u00e9talliques verticaux du syst\u00e8me Vertigo cr\u00e9ent de nouveaux espaces dans l&rsquo;environnement domestique, en donnant du caract\u00e8re \u00e0 la proposition. La vaste gamme de dimensions disponibles et la particularit\u00e9 de personnaliser le panneau arri\u00e8re et les \u00e9tag\u00e8res permettent d&rsquo;obtenir un mur \u00e9quip\u00e9 avec un effet a\u00e9r\u00e9 et dynamique, contrairement \u00e0 la volont\u00e9 de dissimuler les d\u00e9tails comme c&rsquo;est le cas dans les colonnes \u00e0 portes escamotables. Elles sont sp\u00e9cialement \u00e9quip\u00e9es pour cr\u00e9er beaucoup d&rsquo;espace disponible pour le stockage d&rsquo;outils, d&rsquo;accessoires et m\u00eame d&rsquo;appareils \u00e9lectrom\u00e9nagers, en les rendant visibles et utilisables uniquement en cas de besoin.<\/span><\/p>\n<\/div><\/div><\/div><div class=\"cz_gap clr \" style=\"height: 50px\"><\/div><div id=\"cz_53693\" class=\"cz_53693 cz_image clr cz_image_no_fx center_on_mobile wpb_animate_when_almost_visible fadeInUp\"><div class=\"\" ><div class=\"cz_image_in\"><div class=\"cz_main_image\"><img decoding=\"async\" class=\"\" src=\"https:\/\/geantdameublement.com\/wp-content\/uploads\/2024\/08\/design9-11-600x700.webp\" width=\"600\" height=\"700\" alt=\"design9-11\" title=\"design9-11\" loading=\"lazy\" \/><\/div><\/div><\/div><\/div>[\/vc_column][\/vc_row][vc_row][vc_column]<div class=\"cz_gap clr \" style=\"height: 150px\"><\/div>[\/vc_column][\/vc_row][vc_row full_width=\u00a0\u00bbstretch_row_content_no_spaces\u00a0\u00bb][vc_column width=\u00a0\u00bb1\/2&Prime;]<div class=\"cz_gap clr \" style=\"height: 50px\"><\/div><div id=\"cz_57391\" class=\"cz_57391 cz_image clr cz_image_no_fx center_on_mobile wpb_animate_when_almost_visible fadeInUp\"><div class=\"\" ><div class=\"cz_image_in\"><div class=\"cz_main_image\"><img decoding=\"async\" class=\"\" src=\"https:\/\/geantdameublement.com\/wp-content\/uploads\/2024\/08\/design9-12-600x700.webp\" width=\"600\" height=\"700\" alt=\"design9-12\" title=\"design9-12\" loading=\"lazy\" \/><\/div><\/div><\/div><\/div><div class=\"cz_gap clr \" style=\"height: 50px\"><\/div><div id=\"cz_40224\" class=\"cz_40224 cz_title clr cz_title_pos_inline\"><div class=\"cz_title_content\"><div class=\"cz_wpe_content\"><p><span style=\"font-size: 19px; font-weight: 300;\">Le ch\u00eane est un bois tr\u00e8s dur dont les caract\u00e9ristiques particuli\u00e8res sont la r\u00e9sistance et la robustesse, qualit\u00e9 qui s&rsquo;am\u00e9liore avec le vieillissement. Une caract\u00e9ristique importante des placages est la sym\u00e9trie du dessin donn\u00e9 par les veines du tronc d&rsquo;o\u00f9 ils proviennent.<br \/>\nG\u00e9ant d&rsquo;ameublement a d\u00e9cid\u00e9 de mettre \u00e0 disposition la variante Ch\u00eane demi-flamme pour obtenir des fa\u00e7ades avec un grain plus homog\u00e8ne, tandis que la variante Ch\u00eane \u00e0 n\u0153uds s\u00e9par\u00e9s souligne les caract\u00e9ristiques morphologiques d&rsquo;un mat\u00e9riau unique, o\u00f9 les fissures, les n\u0153uds et les variations de couleur sont une garantie de la naturalit\u00e9 du produit.<\/span><\/p>\n<\/div><\/div><\/div>[\/vc_column][vc_column width=\u00a0\u00bb1\/2&Prime;]<div id=\"cz_84900\" class=\"cz_84900 cz_image clr cz_image_no_fx center_on_mobile wpb_animate_when_almost_visible fadeInLeft\"><div class=\"\" ><div class=\"cz_image_in\"><div class=\"cz_main_image\"><img decoding=\"async\" class=\"\" src=\"https:\/\/geantdameublement.com\/wp-content\/uploads\/2024\/08\/design9-13-800x1200.webp\" width=\"800\" height=\"1200\" alt=\"design9-13\" title=\"design9-13\" loading=\"lazy\" \/><\/div><\/div><\/div><\/div>[\/vc_column][\/vc_row]<\/p>\n<\/div>","protected":false},"excerpt":{"rendered":"<p>[vc_row full_width=\u00a0\u00bbstretch_row_content_no_spaces\u00a0\u00bb][vc_column][\/vc_column][\/vc_row][vc_row][vc_column][\/vc_column][\/vc_row][vc_row][vc_column width=\u00a0\u00bb1\/2&Prime;][\/vc_column][vc_column width=\u00a0\u00bb1\/2&Prime;][\/vc_column][\/vc_row][vc_row][vc_column][\/vc_column][\/vc_row][vc_row full_width=\u00a0\u00bbstretch_row_content_no_spaces\u00a0\u00bb][vc_column][\/vc_column][\/vc_row][vc_row][vc_column][\/vc_column][\/vc_row][vc_row full_width=\u00a0\u00bbstretch_row_content_no_spaces\u00a0\u00bb][vc_column width=\u00a0\u00bb1\/2&Prime;][\/vc_column][vc_column width=\u00a0\u00bb1\/2&Prime;][\/vc_column][\/vc_row][vc_row][vc_column][\/vc_column][\/vc_row][vc_row full_width=\u00a0\u00bbstretch_row\u00a0\u00bb css=\u00a0\u00bb.vc_custom_1737367980359{background-color: #000000 &#8230; <\/p>\n","protected":false},"author":1,"featured_media":0,"parent":158,"menu_order":0,"comment_status":"closed","ping_status":"closed","template":"","meta":{"footnotes":""},"class_list":["post-487","page","type-page","status-publish","hentry"],"_links":{"self":[{"href":"https:\/\/geantdameublement.com\/index.php?rest_route=\/wp\/v2\/pages\/487","targetHints":{"allow":["GET"]}}],"collection":[{"href":"https:\/\/geantdameublement.com\/index.php?rest_route=\/wp\/v2\/pages"}],"about":[{"href":"https:\/\/geantdameublement.com\/index.php?rest_route=\/wp\/v2\/types\/page"}],"author":[{"embeddable":true,"href":"https:\/\/geantdameublement.com\/index.php?rest_route=\/wp\/v2\/users\/1"}],"replies":[{"embeddable":true,"href":"https:\/\/geantdameublement.com\/index.php?rest_route=%2Fwp%2Fv2%2Fcomments&post=487"}],"version-history":[{"count":3,"href":"https:\/\/geantdameublement.com\/index.php?rest_route=\/wp\/v2\/pages\/487\/revisions"}],"predecessor-version":[{"id":2389,"href":"https:\/\/geantdameublement.com\/index.php?rest_route=\/wp\/v2\/pages\/487\/revisions\/2389"}],"up":[{"embeddable":true,"href":"https:\/\/geantdameublement.com\/index.php?rest_route=\/wp\/v2\/pages\/158"}],"wp:attachment":[{"href":"https:\/\/geantdameublement.com\/index.php?rest_route=%2Fwp%2Fv2%2Fmedia&parent=487"}],"curies":[{"name":"wp","href":"https:\/\/api.w.org\/{rel}","templated":true}]}}